{"id":722,"date":"2026-03-24T11:18:28","date_gmt":"2026-03-24T10:18:28","guid":{"rendered":"http:\/\/www.bzdz.pl\/technikum-mundurowe-bydgoszcz\/?page_id=722"},"modified":"2026-03-24T18:38:13","modified_gmt":"2026-03-24T17:38:13","slug":"rekrutacja","status":"publish","type":"page","link":"https:\/\/www.bzdz.pl\/technikum-mundurowe-mrocza\/aktualnosci\/rekrutacja\/","title":{"rendered":"Rekrutacja"},"content":{"rendered":"<p><strong>Drodzy Uczniowie!<\/strong><br \/>\nZbli\u017ca si\u0119 czas podejmowania decyzji w sprawie wyboru szko\u0142y. Warto si\u0119 zastanowi\u0107, jak to zrobi\u0107, aby by\u0142 on trafny. Trzeba mie\u0107 \u015bwiadomo\u015b\u0107, \u017ce podj\u0119ta dzisiaj decyzja mo\u017ce mie\u0107 znacz\u0105cy wp\u0142yw na Wasz\u0105 przysz\u0142o\u015b\u0107.<\/p>\n<p><b>\u00a0Nasza szko\u0142a kszta\u0142ci w zawodzie technik logistyk, jednocze\u015bnie realizuje edukacj\u0119 mundurow\u0105 i prowadzi oddzia\u0142y przygotowania wojskowego.<\/b><\/p>\n<p>Wszelkie pytania mo\u017cna kierowa\u0107 pisz\u0105c na adres:<strong> technikum.mrocza@bzdz.pl<\/strong> lub dzwoni\u0105c pod numer telefonu: <strong>798 433 664<\/strong><\/p>\n<p>Zach\u0119camy do pobrania i nast\u0119pnie odes\u0142ania\u00a0 wype\u0142nionego kwestionariusza osobowego (mailowo lub poczt\u0105 tradycyjn\u0105 na adres Technikum im. Powstania Wielkopolskiego BZDZ, ul. marsz. J\u00f3zefa Pi\u0142sudskiego 4, 89-115 Mrocza) lub dostarczenie do sekretariatu osobi\u015bcie.<br \/>\n*Ilo\u015b\u0107 miejsc jest ograniczona.<\/p>\n<p><a href=\"https:\/\/www.bzdz.pl\/technikum-mundurowe-mrocza\/wp-content\/uploads\/2026\/03\/kwestionariusz-osobowy-ucznia-oswiadczenia.docx\">kwestionariusz-osobowy ucznia + oswiadczenia<\/a><\/p>\n<p><a href=\"https:\/\/www.bzdz.pl\/technikum-mundurowe-mrocza\/wp-content\/uploads\/2020\/03\/Plakat.pdf\">Plakat<\/a><a href=\"https:\/\/www.bzdz.pl\/technikum-mundurowe-mrocza\/wp-content\/uploads\/2020\/03\/0001.jpg\" data-rel=\"lightbox-image-0\" data-rl_title=\"\" data-rl_caption=\"\" title=\"\"><img loading=\"lazy\" decoding=\"async\" class=\"size-medium wp-image-2984 aligncenter\" src=\"https:\/\/www.bzdz.pl\/technikum-mundurowe-mrocza\/wp-content\/uploads\/2020\/03\/0001-213x300.jpg\" alt=\"\" width=\"213\" height=\"300\" srcset=\"https:\/\/www.bzdz.pl\/technikum-mundurowe-mrocza\/wp-content\/uploads\/2020\/03\/0001-213x300.jpg 213w, https:\/\/www.bzdz.pl\/technikum-mundurowe-mrocza\/wp-content\/uploads\/2020\/03\/0001-624x878.jpg 624w, https:\/\/www.bzdz.pl\/technikum-mundurowe-mrocza\/wp-content\/uploads\/2020\/03\/0001.jpg 675w\" sizes=\"auto, (max-width: 213px) 85vw, 213px\" \/><\/a><\/p>\n<p>&nbsp;<\/p>\n<p>&nbsp;<\/p>\n<p>&nbsp;<\/p>\n<p>&nbsp;<\/p>\n<p><!--more--><\/p>\n<h2>Dlaczego warto wybra\u0107 szko\u0142\u0119 techniczn\u0105?<\/h2>\n<ol>\n<li>Po uko\u0144czeniu szko\u0142y technicznej b\u0119dziesz m\u00f3g\u0142 od razu podj\u0105\u0107 prac\u0119 na stanowiskach \u015bredniej kadry technicznej w wyuczonym zawodzie, gdy\u017c pracodawcy potrzebuj\u0105 pracownik\u00f3w z wykszta\u0142ceniem technicznym.<\/li>\n<li>Aktualnie szkolnictwo zawodowe odpowiada na potrzeby rynku pracy, b\u0119dziesz wi\u0119c mia\u0142 gwarancj\u0119 dobrego zatrudnienia.<\/li>\n<li>B\u0119dziesz m\u00f3g\u0142 wcze\u015bniej rozpocz\u0105\u0107 swoj\u0105 karier\u0119 zawodow\u0105 i szybko si\u0119 usamodzielni\u0107, pracuj\u0105c i rozwijaj\u0105c si\u0119 w interesuj\u0105cym Ci\u0119 zawodzie.<\/li>\n<li>Wsp\u00f3\u0142praca szk\u00f3\u0142 z pracodawcami ma odzwierciedlenie w programie kszta\u0142cenia, kt\u00f3re uwzgl\u0119dnia du\u017co zaj\u0119\u0107 praktycznych oraz daje mo\u017cliwo\u015b\u0107 odbycia ciekawych praktyk zawodowych u potencjalnych pracodawc\u00f3w, czyli uzyskania podstaw Twojej kariery zawodowej jeszcze w czasie trwania nauki.<\/li>\n<li>Wyb\u00f3r szko\u0142y zawodowej jest obecnie postrzegany w spo\u0142ecze\u0144stwie, jako pozytywny, przemy\u015blany pod k\u0105tem przysz\u0142ej pracy.<\/li>\n<li>Szko\u0142a techniczna daje Ci tak\u017ce wykszta\u0142cenie og\u00f3lne, kt\u00f3re po zdaniu matury, umo\u017cliwia podj\u0119cie studi\u00f3w wy\u017cszych. Po szkole technicznej b\u0119dzie Ci du\u017co \u0142atwiej na studiach o podobnym kierunku.<\/li>\n<li>Kontynuacja nauki na wy\u017cszych uczelniach, na kierunkach technicznych zamawianych przez pa\u0144stwo, da Ci mo\u017cliwo\u015b\u0107 uzyskania stypendium wynosz\u0105cego nawet tysi\u0105c z\u0142otych miesi\u0119cznie.<\/li>\n<\/ol>\n<h2 style=\"margin-top: 1.71429rem; margin-bottom: 1.71429rem; font-size: 1.28571rem;\">Wyb\u00f3r naszej szko\u0142y gwarantuje, \u017ce:<\/h2>\n<ul>\n<li>ucze\u0144 naszej szko\u0142y otrzymuje kompletne, nowe umundurowanie za darmo,<\/li>\n<li>ucze\u0144 mo\u017ce wybra\u0107 jeden z czterech profili:<br \/>\n&#8211; wojskowy<br \/>\n&#8211; stra\u017cacki<br \/>\n&#8211; policyjny<br \/>\n&#8211; s\u0142u\u017cby wi\u0119ziennej,<\/li>\n<li>ucze\u0144 nabywa\u00a0 umiej\u0119tno\u015bci i certyfikaty niezb\u0119dne w pracy zawodowej w s\u0142u\u017cbach mundurowych,<\/li>\n<li>\u00a0w ramach szko\u0142y ucze\u0144 realizuje kursy zawodowe, szkolenia specjalistyczne, szkolenia bran\u017cowe np.: musztra, strzelectwo,\u00a0 i inne,<\/li>\n<li>dzi\u0119ki naszemu \u201edualnemu\u201d kszta\u0142ceniu nasz absolwent jest konkurencyjny na rynku pracy i ma wi\u0119ksze szanse na zatrudnienie,<\/li>\n<li>ucze\u0144 ma\u00a0 mo\u017cliwo\u015b\u0107\u00a0 wyjazd\u00f3w na obozy sprawno\u015bciowo-szkoleniowe,<\/li>\n<li>ucze\u0144 ma\u00a0 zapewnione bezpiecze\u0144stwo i\u00a0 przyjazn\u0105 atmosfer\u0119.<\/li>\n<\/ul>\n<p><span style=\"font-size: 20px;\"><strong>\u00a0Harmonogram czynno\u015bci i szczeg\u00f3\u0142owe\u00a0terminy sk\u0142adania dokument\u00f3w:<\/strong><\/span><\/p>\n<p>1. Z\u0142o\u017cenie wniosku o przyj\u0119cie do szko\u0142y.<\/p>\n<p>2. Uzupe\u0142nienie wniosku o przyj\u0119cie do szko\u0142y o \u015bwiadectwo uko\u0144czenia szko\u0142y podstawowej\u00a0 oraz o\u00a0 \u00a0za\u015bwiadczenie o wynikach egzaminu \u00f3smoklasisty.<br \/>\n3. Weryfikacja przez komisj\u0119 rekrutacyjn\u0105 wniosk\u00f3w o przyj\u0119cie do szko\u0142y.<br \/>\n4. Podanie do publicznej wiadomo\u015bci kandydat\u00f3w zakwalifikowanych i kandydat\u00f3w niezakwalifikowanych.<br \/>\n5. Potwierdzenie przez rodzica kandydata woli przyj\u0119cia do szko\u0142y swojego dziecka w postaci przed\u0142o\u017cenia orygina\u0142u \u015bwiadectwa uko\u0144czenia\u00a0 \u00f3smej klasy i orygina\u0142u za\u015bwiadczenia OKE o wynikach egzaminu \u00f3smoklasisty, o ile wcze\u015bniej nie zosta\u0142y one z\u0142o\u017cone.<br \/>\n6. Podanie do publicznej wiadomo\u015bci na tablicy og\u0142osze\u0144 w szkole listy kandydat\u00f3w przyj\u0119tych i kandydat\u00f3w nieprzyj\u0119tych.<\/p>\n<h2>Dokumenty wymagane przez szko\u0142\u0119:<\/h2>\n<p>1. Kwestionariusz osobowy.<br \/>\n2. \u015awiadectwo uko\u0144czenia\u00a0 \u00f3smej klasy.<br \/>\n3. Za\u015bwiadczenie Okr\u0119gowej Komisji Egzaminacyjnej o wynikach egzaminu\u00a0 \u00f3smoklasisty.<br \/>\n4. Orzeczenie lekarskie o stanie zdrowia (skierowanie mo\u017cna pobra\u0107 w sekretariacie szko\u0142y).<br \/>\n5. Fotografie \u2013 3 sztuki. \u00a0<\/p>\n<p><strong>Kryteria przyj\u0119cia do szko\u0142y w przypadku wi\u0119kszej liczby kandydat\u00f3w:<\/strong><\/p>\n<ol>\n<li>Zachowanie minimum poprawne.<\/li>\n<li>\u00a0Oceny z j\u0119zyka polskiego, j\u0119zyka angielskiego, matematyki, geografii,\u00a0 wyniki egzaminu \u00f3smoklasisty oraz inne osi\u0105gni\u0119cia kandydata odnotowane na \u015bwiadectwie.<\/li>\n<li>Uko\u0144czenie szko\u0142y z wyr\u00f3\u017cnieniem. \u00a0<\/li>\n<\/ol>\n<p><strong>TERMINY POST\u0118POWANIA REKRUTACYJNEGO<\/strong><\/p>\n<table width=\"1038\">\n<tbody>\n<tr>\n<td width=\"38\">\n<p>L.p.<\/p>\n<\/td>\n<td width=\"483\">\n<p>Rodzaj czynno\u015bci<\/p>\n<\/td>\n<td width=\"250\">\n<p>Termin w post\u0119powaniu rekrutacyjnym<\/p>\n<\/td>\n<td width=\"267\">\n<p>Termin w postepowaniu uzupe\u0142niaj\u0105cym<\/p>\n<\/td>\n<\/tr>\n<tr>\n<td width=\"38\">\n<p>1<\/p>\n<\/td>\n<td width=\"483\">\n<p>Z\u0142o\u017cenie wniosku, w tym zmiana wniosku o przyj\u0119cie do szko\u0142y ponadpodstawowej wraz z dokumentami (podpisanego przez co najmniej jednego rodzica\/prawnego opiekuna).<\/p>\n<\/td>\n<td width=\"250\">\n<p>od 11 maja 2026 r. (poniedzia\u0142ek)\u00a0<\/p>\n<p>do 12 czerwca 2026 r. (pi\u0105tek)<\/p>\n<p>do godz. 15.00<\/p>\n<\/td>\n<td width=\"267\">\n<p>od 20 lipca 2026 r. (poniedzia\u0142ek)<\/p>\n<p>do 27 lipca 2026 r. (poniedzia\u0142ek)<\/p>\n<p>do godz. 15.00<\/p>\n<\/td>\n<\/tr>\n<tr>\n<td width=\"38\">\n<p>2<\/p>\n<\/td>\n<td width=\"483\">\n<p>Uzupe\u0142nienie wniosku o przyj\u0119cie do szko\u0142y ponadpodstawowej o \u015bwiadectwo uko\u0144czenia szko\u0142y podstawowej i o za\u015bwiadczenie o wyniku egzaminu \u00f3smoklasisty oraz z\u0142o\u017cenie nowego wniosku, w tym zmiana przez kandydata wniosku o przyj\u0119cie , z uwagi na zamian\u0119 szk\u00f3\u0142, do kt\u00f3rych kandyduje.<\/p>\n<\/td>\n<td width=\"250\">\n<p>od 23 czerwca 2026 r. (wtorek)\u00a0<\/p>\n<p>do 7 lipca 2026 r. (wtorek)\u00a0<\/p>\n<p>do godz. 15.00<\/p>\n<\/td>\n<td width=\"267\">\n<p>&nbsp;<\/p>\n<\/td>\n<\/tr>\n<tr>\n<td width=\"38\">\n<p>3<\/p>\n<\/td>\n<td width=\"483\">\n<p>Weryfikacja przez komisj\u0119 rekrutacyjn\u0105 wniosk\u00f3w o przyj\u0119cie do szko\u0142y ponadpodstawowej i dokument\u00f3w potwierdzaj\u0105cych spe\u0142nianie przez kandydata warunk\u00f3w po\u015bwiadczanych w o\u015bwiadczeniach, w tym dokonanie przez przewodnicz\u0105cego komisji rekrutacyjnej czynno\u015bci z ustaleniem tych okoliczno\u015bci.<\/p>\n<\/td>\n<td width=\"250\">\n<p>do 8 lipca 2026 r. (\u015broda)<\/p>\n<\/td>\n<td width=\"267\">\n<p>do 29 lipca 2026 r. (\u015broda)<\/p>\n<\/td>\n<\/tr>\n<tr>\n<td width=\"38\">\n<p>4<\/p>\n<\/td>\n<td width=\"483\">\n<p>Podanie do publicznej wiadomo\u015bci przez komisje rekrutacyjn\u0105 listy kandydat\u00f3w zakwalifikowanych i kandydat\u00f3w niezakwalifikowanych.<\/p>\n<\/td>\n<td width=\"250\">\n<p><u>14 lipca 2026 r. (wtorek)<\/u><\/p>\n<p>godz. 12.00<\/p>\n<\/td>\n<td width=\"267\">\n<p><u>4 sierpnia 2026 r. (wtorek)<\/u><\/p>\n<p>godz. 12.00<\/p>\n<\/td>\n<\/tr>\n<tr>\n<td width=\"38\">\n<p>5<\/p>\n<\/td>\n<td width=\"483\">\n<p>Wydanie przez szko\u0142\u0119 prowadz\u0105c\u0105 kszta\u0142cenie zawodowe skierowania na badania lekarskie.<\/p>\n<\/td>\n<td width=\"250\">\n<p>od 11 maja 2026 r. (poniedzia\u0142ek)<\/p>\n<p>\u00a0do 15\u00a0 lipca 2026 r. (\u015broda)<\/p>\n<\/td>\n<td width=\"267\">\n<p>od 21 lipca 2026 r.\u00a0 (poniedzia\u0142ek)<\/p>\n<p>do 4 sierpnia 2026 r. (wtorek)<\/p>\n<\/td>\n<\/tr>\n<tr>\n<td width=\"38\">\n<p>6<\/p>\n<\/td>\n<td width=\"483\">\n<p>Potwierdzenie woli przyj\u0119cia w postaci przed\u0142o\u017cenia orygina\u0142u \u015bwiadectwa uko\u0144czenia szko\u0142y i orygina\u0142u za\u015bwiadczenia o wynikach egzaminu zewn\u0119trznego, o ile nie zosta\u0142y one z\u0142o\u017cone w uzupe\u0142nieniu wniosku o przyj\u0119cie do szko\u0142y ponadpodstawowej, w przypadku szko\u0142y prowadz\u0105cej kszta\u0142cenie zawodowe \u2013 tak\u017ce za\u015bwiadczenia lekarskiego zawieraj\u0105ce o braku przeciwwskaza\u0144 zdrowotnych do podj\u0119cia praktycznej nauki zawodu.<\/p>\n<\/td>\n<td width=\"250\">\n<p>do 17 lipca 2026 r. (pi\u0105tek)<\/p>\n<p>do godz. 15.00<\/p>\n<\/td>\n<td width=\"267\">\n<p>do 6 sierpnia 2026 r. (czwartek)\u00a0<\/p>\n<p>do godz. 15.00<\/p>\n<\/td>\n<\/tr>\n<tr>\n<td width=\"38\">\n<p>7<\/p>\n<\/td>\n<td width=\"483\">\n<p>Podanie do publicznej wiadomo\u015bci przez komisj\u0119 rekrutacyjn\u0105 listy kandydat\u00f3w przyj\u0119tych i nieprzyj\u0119tych.<\/p>\n<\/td>\n<td width=\"250\">\n<p><u>20 lipca 2026 r. (poniedzia\u0142ek)<\/u>\u00a0<\/p>\n<p>godz. 12.00<\/p>\n<\/td>\n<td width=\"267\">\n<p><u>7 sierpnia 2026 r. (pi\u0105tek)<\/u><\/p>\n<p>godz.12.00<\/p>\n<\/td>\n<\/tr>\n<tr>\n<td width=\"38\">\n<p>8<\/p>\n<\/td>\n<td width=\"483\">\n<p>Poinformowanie przez dyrektora szko\u0142y ponadpodstawowej kuratora o\u015bwiaty o liczbie wolnych miejsc w szko\u0142ach ponadpodstawowych.<\/p>\n<\/td>\n<td width=\"250\">\n<p>20 lipca 2026 r. (poniedzia\u0142ek)<\/p>\n<\/td>\n<td width=\"267\">\n<p>7 sierpnia 2026 r. (pi\u0105tek)<\/p>\n<\/td>\n<\/tr>\n<tr>\n<td width=\"38\">\n<p>9<\/p>\n<\/td>\n<td width=\"483\">\n<p>Wyst\u0105pienie do komisji rekrutacyjnej o sporz\u0105dzenie uzasadnienia odmowy przyj\u0119cia.<\/p>\n<\/td>\n<td colspan=\"2\" width=\"517\">\n<p>w terminie\u00a0 3 dni od dnia podania do publicznej wiadomo\u015bci listy kandydat\u00f3w przyj\u0119tych i nieprzyj\u0119tych<\/p>\n<\/td>\n<\/tr>\n<tr>\n<td width=\"38\">\n<p>10<\/p>\n<\/td>\n<td width=\"483\">\n<p>Sporz\u0105dzenie przez komisj\u0119 rekrutacyjn\u0105 uzasadnienia odmowy przyj\u0119cia.<\/p>\n<\/td>\n<td colspan=\"2\" width=\"517\">\n<p>w terminie\u00a0 3 dni od dnia wyst\u0105pienia o sporz\u0105dzenie uzasadnienia odmowy przyj\u0119cia<\/p>\n<\/td>\n<\/tr>\n<tr>\n<td width=\"38\">\n<p>11<\/p>\n<\/td>\n<td width=\"483\">\n<p>Wniesienie do dyrektora szko\u0142y odwo\u0142ania od rozstrzygni\u0119cia komisji rekrutacyjnej.<\/p>\n<\/td>\n<td colspan=\"2\" width=\"517\">\n<p>w terminie\u00a0 3 dni od dnia otrzymania uzasadnienia odmowy przyj\u0119cia<\/p>\n<\/td>\n<\/tr>\n<tr>\n<td width=\"38\">\n<p>12<\/p>\n<\/td>\n<td width=\"483\">\n<p>Rozpatrzenie przez dyrektora szko\u0142y odwo\u0142ania od rozstrzygni\u0119cia komisji rekrutacyjnej.<\/p>\n<\/td>\n<td colspan=\"2\" width=\"517\">\n<p>w terminie 3 dni od dnia z\u0142o\u017cenia odwo\u0142ania do dyrektora szko\u0142y<\/p>\n<\/td>\n<\/tr>\n<\/tbody>\n<\/table>\n","protected":false},"excerpt":{"rendered":"<p>Drodzy Uczniowie!<br \/>\nZbli\u017ca si\u0119 czas podejmowania decyzji w sprawie wyboru szko\u0142y. Warto si\u0119 zastanowi\u0107, jak to zrobi\u0107, aby by\u0142 on trafny. Trzeba mie\u0107 \u015bwiadomo\u015b\u0107, \u017ce podj\u0119ta dzisiaj decyzja mo\u017ce mie\u0107 znacz\u0105cy wp\u0142yw na Wasz\u0105 przysz\u0142o\u015b\u0107.<\/p>\n<p>\u00a0Nasza szko\u0142a kszta\u0142ci w zawodzie technik logistyk, jednocze\u015bnie realizuje edukacj\u0119 mundurow\u0105 i prowadzi oddzia\u0142y przygotowania wojskowego.<\/p>\n<p>Wszelkie pytania mo\u017cna kierowa\u0107 pisz\u0105c na adres: technikum.mrocza@bzdz.pl lub dzwoni\u0105c pod numer telefonu: 798 433 664<\/p>\n<p>Zach\u0119camy do pobrania i nast\u0119pnie odes\u0142ania\u00a0 wype\u0142nionego kwestionariusza osobowego (mailowo lub poczt\u0105 tradycyjn\u0105 na adres Technikum im.<\/p>\n<div class=\"clr\"><\/div>\n<p><a href=\"https:\/\/www.bzdz.pl\/technikum-mundurowe-mrocza\/aktualnosci\/rekrutacja\/\" class=\"readmore\">Przeczytaj ca\u0142o\u015b\u0107<\/a><\/p>\n","protected":false},"author":1,"featured_media":0,"parent":3155,"menu_order":0,"comment_status":"closed","ping_status":"closed","template":"","meta":{"footnotes":""},"class_list":["post-722","page","type-page","status-publish","hentry"],"yoast_head":"<!-- This site is optimized with the Yoast SEO plugin v27.6 - https:\/\/yoast.com\/product\/yoast-seo-wordpress\/ -->\n<title>Rekrutacja - Technikum Mundurowe Mrocza<\/title>\n<meta name=\"robots\" content=\"index, follow, max-snippet:-1, max-image-preview:large, max-video-preview:-1\" \/>\n<link rel=\"canonical\" href=\"https:\/\/www.bzdz.pl\/technikum-mundurowe-mrocza\/aktualnosci\/rekrutacja\/\" \/>\n<meta property=\"og:locale\" content=\"pl_PL\" \/>\n<meta property=\"og:type\" content=\"article\" \/>\n<meta property=\"og:title\" content=\"Rekrutacja - Technikum Mundurowe Mrocza\" \/>\n<meta property=\"og:description\" content=\"Drodzy Uczniowie! Zbli\u017ca si\u0119 czas podejmowania decyzji w sprawie wyboru szko\u0142y. Warto si\u0119 zastanowi\u0107, jak to zrobi\u0107, aby by\u0142 on trafny. Trzeba mie\u0107 \u015bwiadomo\u015b\u0107, \u017ce podj\u0119ta dzisiaj decyzja mo\u017ce mie\u0107 znacz\u0105cy wp\u0142yw na Wasz\u0105 przysz\u0142o\u015b\u0107. \u00a0Nasza szko\u0142a kszta\u0142ci w zawodzie technik logistyk, jednocze\u015bnie realizuje edukacj\u0119 mundurow\u0105 i prowadzi oddzia\u0142y przygotowania wojskowego. Wszelkie pytania mo\u017cna kierowa\u0107 pisz\u0105c na adres: technikum.mrocza@bzdz.pl lub dzwoni\u0105c pod numer telefonu: 798 433 664 Zach\u0119camy do pobrania i nast\u0119pnie odes\u0142ania\u00a0 wype\u0142nionego kwestionariusza osobowego (mailowo lub poczt\u0105 tradycyjn\u0105 na adres Technikum im.Przeczytaj ca\u0142o\u015b\u0107\" \/>\n<meta property=\"og:url\" content=\"https:\/\/www.bzdz.pl\/technikum-mundurowe-mrocza\/aktualnosci\/rekrutacja\/\" \/>\n<meta property=\"og:site_name\" content=\"Technikum Mundurowe Mrocza\" \/>\n<meta property=\"article:modified_time\" content=\"2026-03-24T17:38:13+00:00\" \/>\n<meta property=\"og:image\" content=\"https:\/\/www.bzdz.pl\/technikum-mundurowe-mrocza\/wp-content\/uploads\/2020\/03\/0001.jpg\" \/>\n\t<meta property=\"og:image:width\" content=\"675\" \/>\n\t<meta property=\"og:image:height\" content=\"950\" \/>\n\t<meta property=\"og:image:type\" content=\"image\/jpeg\" \/>\n<meta name=\"twitter:card\" content=\"summary_large_image\" \/>\n<meta name=\"twitter:label1\" content=\"Szacowany czas czytania\" \/>\n\t<meta name=\"twitter:data1\" content=\"6 minut\" \/>\n<script type=\"application\/ld+json\" class=\"yoast-schema-graph\">{\"@context\":\"https:\\\/\\\/schema.org\",\"@graph\":[{\"@type\":\"WebPage\",\"@id\":\"https:\\\/\\\/www.bzdz.pl\\\/technikum-mundurowe-mrocza\\\/aktualnosci\\\/rekrutacja\\\/\",\"url\":\"https:\\\/\\\/www.bzdz.pl\\\/technikum-mundurowe-mrocza\\\/aktualnosci\\\/rekrutacja\\\/\",\"name\":\"Rekrutacja - Technikum Mundurowe Mrocza\",\"isPartOf\":{\"@id\":\"https:\\\/\\\/www.bzdz.pl\\\/technikum-mundurowe-mrocza\\\/#website\"},\"primaryImageOfPage\":{\"@id\":\"https:\\\/\\\/www.bzdz.pl\\\/technikum-mundurowe-mrocza\\\/aktualnosci\\\/rekrutacja\\\/#primaryimage\"},\"image\":{\"@id\":\"https:\\\/\\\/www.bzdz.pl\\\/technikum-mundurowe-mrocza\\\/aktualnosci\\\/rekrutacja\\\/#primaryimage\"},\"thumbnailUrl\":\"https:\\\/\\\/www.bzdz.pl\\\/technikum-mundurowe-mrocza\\\/wp-content\\\/uploads\\\/2020\\\/03\\\/0001-213x300.jpg\",\"datePublished\":\"2026-03-24T10:18:28+00:00\",\"dateModified\":\"2026-03-24T17:38:13+00:00\",\"breadcrumb\":{\"@id\":\"https:\\\/\\\/www.bzdz.pl\\\/technikum-mundurowe-mrocza\\\/aktualnosci\\\/rekrutacja\\\/#breadcrumb\"},\"inLanguage\":\"pl-PL\",\"potentialAction\":[{\"@type\":\"ReadAction\",\"target\":[\"https:\\\/\\\/www.bzdz.pl\\\/technikum-mundurowe-mrocza\\\/aktualnosci\\\/rekrutacja\\\/\"]}]},{\"@type\":\"ImageObject\",\"inLanguage\":\"pl-PL\",\"@id\":\"https:\\\/\\\/www.bzdz.pl\\\/technikum-mundurowe-mrocza\\\/aktualnosci\\\/rekrutacja\\\/#primaryimage\",\"url\":\"https:\\\/\\\/www.bzdz.pl\\\/technikum-mundurowe-mrocza\\\/wp-content\\\/uploads\\\/2020\\\/03\\\/0001.jpg\",\"contentUrl\":\"https:\\\/\\\/www.bzdz.pl\\\/technikum-mundurowe-mrocza\\\/wp-content\\\/uploads\\\/2020\\\/03\\\/0001.jpg\",\"width\":675,\"height\":950},{\"@type\":\"BreadcrumbList\",\"@id\":\"https:\\\/\\\/www.bzdz.pl\\\/technikum-mundurowe-mrocza\\\/aktualnosci\\\/rekrutacja\\\/#breadcrumb\",\"itemListElement\":[{\"@type\":\"ListItem\",\"position\":1,\"name\":\"Strona g\u0142\u00f3wna\",\"item\":\"https:\\\/\\\/www.bzdz.pl\\\/technikum-mundurowe-mrocza\\\/\"},{\"@type\":\"ListItem\",\"position\":2,\"name\":\"Aktualno\u015bci\",\"item\":\"https:\\\/\\\/www.bzdz.pl\\\/technikum-mundurowe-mrocza\\\/aktualnosci\\\/\"},{\"@type\":\"ListItem\",\"position\":3,\"name\":\"Rekrutacja\"}]},{\"@type\":\"WebSite\",\"@id\":\"https:\\\/\\\/www.bzdz.pl\\\/technikum-mundurowe-mrocza\\\/#website\",\"url\":\"https:\\\/\\\/www.bzdz.pl\\\/technikum-mundurowe-mrocza\\\/\",\"name\":\"Technikum Mundurowe Mrocza\",\"description\":\"\",\"publisher\":{\"@id\":\"https:\\\/\\\/www.bzdz.pl\\\/technikum-mundurowe-mrocza\\\/#organization\"},\"potentialAction\":[{\"@type\":\"SearchAction\",\"target\":{\"@type\":\"EntryPoint\",\"urlTemplate\":\"https:\\\/\\\/www.bzdz.pl\\\/technikum-mundurowe-mrocza\\\/?s={search_term_string}\"},\"query-input\":{\"@type\":\"PropertyValueSpecification\",\"valueRequired\":true,\"valueName\":\"search_term_string\"}}],\"inLanguage\":\"pl-PL\"},{\"@type\":\"Organization\",\"@id\":\"https:\\\/\\\/www.bzdz.pl\\\/technikum-mundurowe-mrocza\\\/#organization\",\"name\":\"Technikum Mundurowe Mrocza\",\"url\":\"https:\\\/\\\/www.bzdz.pl\\\/technikum-mundurowe-mrocza\\\/\",\"logo\":{\"@type\":\"ImageObject\",\"inLanguage\":\"pl-PL\",\"@id\":\"https:\\\/\\\/www.bzdz.pl\\\/technikum-mundurowe-mrocza\\\/#\\\/schema\\\/logo\\\/image\\\/\",\"url\":\"https:\\\/\\\/www.bzdz.pl\\\/technikum-mundurowe-mrocza\\\/wp-content\\\/uploads\\\/2022\\\/10\\\/cropped-cropped-307391291_809738090220986_5088540824443679337_n.jpg\",\"contentUrl\":\"https:\\\/\\\/www.bzdz.pl\\\/technikum-mundurowe-mrocza\\\/wp-content\\\/uploads\\\/2022\\\/10\\\/cropped-cropped-307391291_809738090220986_5088540824443679337_n.jpg\",\"width\":240,\"height\":133,\"caption\":\"Technikum Mundurowe Mrocza\"},\"image\":{\"@id\":\"https:\\\/\\\/www.bzdz.pl\\\/technikum-mundurowe-mrocza\\\/#\\\/schema\\\/logo\\\/image\\\/\"}}]}<\/script>\n<!-- \/ Yoast SEO plugin. -->","yoast_head_json":{"title":"Rekrutacja - Technikum Mundurowe Mrocza","robots":{"index":"index","follow":"follow","max-snippet":"max-snippet:-1","max-image-preview":"max-image-preview:large","max-video-preview":"max-video-preview:-1"},"canonical":"https:\/\/www.bzdz.pl\/technikum-mundurowe-mrocza\/aktualnosci\/rekrutacja\/","og_locale":"pl_PL","og_type":"article","og_title":"Rekrutacja - Technikum Mundurowe Mrocza","og_description":"Drodzy Uczniowie! Zbli\u017ca si\u0119 czas podejmowania decyzji w sprawie wyboru szko\u0142y. Warto si\u0119 zastanowi\u0107, jak to zrobi\u0107, aby by\u0142 on trafny. Trzeba mie\u0107 \u015bwiadomo\u015b\u0107, \u017ce podj\u0119ta dzisiaj decyzja mo\u017ce mie\u0107 znacz\u0105cy wp\u0142yw na Wasz\u0105 przysz\u0142o\u015b\u0107. \u00a0Nasza szko\u0142a kszta\u0142ci w zawodzie technik logistyk, jednocze\u015bnie realizuje edukacj\u0119 mundurow\u0105 i prowadzi oddzia\u0142y przygotowania wojskowego. Wszelkie pytania mo\u017cna kierowa\u0107 pisz\u0105c na adres: technikum.mrocza@bzdz.pl lub dzwoni\u0105c pod numer telefonu: 798 433 664 Zach\u0119camy do pobrania i nast\u0119pnie odes\u0142ania\u00a0 wype\u0142nionego kwestionariusza osobowego (mailowo lub poczt\u0105 tradycyjn\u0105 na adres Technikum im.Przeczytaj ca\u0142o\u015b\u0107","og_url":"https:\/\/www.bzdz.pl\/technikum-mundurowe-mrocza\/aktualnosci\/rekrutacja\/","og_site_name":"Technikum Mundurowe Mrocza","article_modified_time":"2026-03-24T17:38:13+00:00","og_image":[{"width":675,"height":950,"url":"https:\/\/www.bzdz.pl\/technikum-mundurowe-mrocza\/wp-content\/uploads\/2020\/03\/0001.jpg","type":"image\/jpeg"}],"twitter_card":"summary_large_image","twitter_misc":{"Szacowany czas czytania":"6 minut"},"schema":{"@context":"https:\/\/schema.org","@graph":[{"@type":"WebPage","@id":"https:\/\/www.bzdz.pl\/technikum-mundurowe-mrocza\/aktualnosci\/rekrutacja\/","url":"https:\/\/www.bzdz.pl\/technikum-mundurowe-mrocza\/aktualnosci\/rekrutacja\/","name":"Rekrutacja - Technikum Mundurowe Mrocza","isPartOf":{"@id":"https:\/\/www.bzdz.pl\/technikum-mundurowe-mrocza\/#website"},"primaryImageOfPage":{"@id":"https:\/\/www.bzdz.pl\/technikum-mundurowe-mrocza\/aktualnosci\/rekrutacja\/#primaryimage"},"image":{"@id":"https:\/\/www.bzdz.pl\/technikum-mundurowe-mrocza\/aktualnosci\/rekrutacja\/#primaryimage"},"thumbnailUrl":"https:\/\/www.bzdz.pl\/technikum-mundurowe-mrocza\/wp-content\/uploads\/2020\/03\/0001-213x300.jpg","datePublished":"2026-03-24T10:18:28+00:00","dateModified":"2026-03-24T17:38:13+00:00","breadcrumb":{"@id":"https:\/\/www.bzdz.pl\/technikum-mundurowe-mrocza\/aktualnosci\/rekrutacja\/#breadcrumb"},"inLanguage":"pl-PL","potentialAction":[{"@type":"ReadAction","target":["https:\/\/www.bzdz.pl\/technikum-mundurowe-mrocza\/aktualnosci\/rekrutacja\/"]}]},{"@type":"ImageObject","inLanguage":"pl-PL","@id":"https:\/\/www.bzdz.pl\/technikum-mundurowe-mrocza\/aktualnosci\/rekrutacja\/#primaryimage","url":"https:\/\/www.bzdz.pl\/technikum-mundurowe-mrocza\/wp-content\/uploads\/2020\/03\/0001.jpg","contentUrl":"https:\/\/www.bzdz.pl\/technikum-mundurowe-mrocza\/wp-content\/uploads\/2020\/03\/0001.jpg","width":675,"height":950},{"@type":"BreadcrumbList","@id":"https:\/\/www.bzdz.pl\/technikum-mundurowe-mrocza\/aktualnosci\/rekrutacja\/#breadcrumb","itemListElement":[{"@type":"ListItem","position":1,"name":"Strona g\u0142\u00f3wna","item":"https:\/\/www.bzdz.pl\/technikum-mundurowe-mrocza\/"},{"@type":"ListItem","position":2,"name":"Aktualno\u015bci","item":"https:\/\/www.bzdz.pl\/technikum-mundurowe-mrocza\/aktualnosci\/"},{"@type":"ListItem","position":3,"name":"Rekrutacja"}]},{"@type":"WebSite","@id":"https:\/\/www.bzdz.pl\/technikum-mundurowe-mrocza\/#website","url":"https:\/\/www.bzdz.pl\/technikum-mundurowe-mrocza\/","name":"Technikum Mundurowe Mrocza","description":"","publisher":{"@id":"https:\/\/www.bzdz.pl\/technikum-mundurowe-mrocza\/#organization"},"potentialAction":[{"@type":"SearchAction","target":{"@type":"EntryPoint","urlTemplate":"https:\/\/www.bzdz.pl\/technikum-mundurowe-mrocza\/?s={search_term_string}"},"query-input":{"@type":"PropertyValueSpecification","valueRequired":true,"valueName":"search_term_string"}}],"inLanguage":"pl-PL"},{"@type":"Organization","@id":"https:\/\/www.bzdz.pl\/technikum-mundurowe-mrocza\/#organization","name":"Technikum Mundurowe Mrocza","url":"https:\/\/www.bzdz.pl\/technikum-mundurowe-mrocza\/","logo":{"@type":"ImageObject","inLanguage":"pl-PL","@id":"https:\/\/www.bzdz.pl\/technikum-mundurowe-mrocza\/#\/schema\/logo\/image\/","url":"https:\/\/www.bzdz.pl\/technikum-mundurowe-mrocza\/wp-content\/uploads\/2022\/10\/cropped-cropped-307391291_809738090220986_5088540824443679337_n.jpg","contentUrl":"https:\/\/www.bzdz.pl\/technikum-mundurowe-mrocza\/wp-content\/uploads\/2022\/10\/cropped-cropped-307391291_809738090220986_5088540824443679337_n.jpg","width":240,"height":133,"caption":"Technikum Mundurowe Mrocza"},"image":{"@id":"https:\/\/www.bzdz.pl\/technikum-mundurowe-mrocza\/#\/schema\/logo\/image\/"}}]}},"_links":{"self":[{"href":"https:\/\/www.bzdz.pl\/technikum-mundurowe-mrocza\/wp-json\/wp\/v2\/pages\/722","targetHints":{"allow":["GET"]}}],"collection":[{"href":"https:\/\/www.bzdz.pl\/technikum-mundurowe-mrocza\/wp-json\/wp\/v2\/pages"}],"about":[{"href":"https:\/\/www.bzdz.pl\/technikum-mundurowe-mrocza\/wp-json\/wp\/v2\/types\/page"}],"author":[{"embeddable":true,"href":"https:\/\/www.bzdz.pl\/technikum-mundurowe-mrocza\/wp-json\/wp\/v2\/users\/1"}],"replies":[{"embeddable":true,"href":"https:\/\/www.bzdz.pl\/technikum-mundurowe-mrocza\/wp-json\/wp\/v2\/comments?post=722"}],"version-history":[{"count":15,"href":"https:\/\/www.bzdz.pl\/technikum-mundurowe-mrocza\/wp-json\/wp\/v2\/pages\/722\/revisions"}],"predecessor-version":[{"id":4952,"href":"https:\/\/www.bzdz.pl\/technikum-mundurowe-mrocza\/wp-json\/wp\/v2\/pages\/722\/revisions\/4952"}],"up":[{"embeddable":true,"href":"https:\/\/www.bzdz.pl\/technikum-mundurowe-mrocza\/wp-json\/wp\/v2\/pages\/3155"}],"wp:attachment":[{"href":"https:\/\/www.bzdz.pl\/technikum-mundurowe-mrocza\/wp-json\/wp\/v2\/media?parent=722"}],"curies":[{"name":"wp","href":"https:\/\/api.w.org\/{rel}","templated":true}]}}