{"id":2217,"date":"2017-11-14T00:23:28","date_gmt":"2017-11-13T23:23:28","guid":{"rendered":"https:\/\/www.bzdz.pl\/technikum-mundurowe-kolaczkowo\/?page_id=2217"},"modified":"2017-11-14T00:23:38","modified_gmt":"2017-11-13T23:23:38","slug":"apel-z-okazji-narodowego-swieta-niepodleglosci","status":"publish","type":"page","link":"https:\/\/www.bzdz.pl\/technikum-mundurowe-kolaczkowo\/apel-z-okazji-narodowego-swieta-niepodleglosci\/","title":{"rendered":"Apel z okazji Narodowego \u015awi\u0119ta Niepodleg\u0142o\u015bci"},"content":{"rendered":"<div id='gallery-1' class='gallery galleryid-2217 gallery-columns-2 gallery-size-medium'><figure class='gallery-item'>\n\t\t\t<div class='gallery-icon landscape'>\n\t\t\t\t<a href='https:\/\/www.bzdz.pl\/technikum-mundurowe-kolaczkowo\/wp-content\/uploads\/2017\/11\/IMG_8049.jpg' title=\"\" data-rl_title=\"\" class=\"rl-gallery-link\" data-rl_caption=\"\" data-rel=\"lightbox-gallery-1\"><img loading=\"lazy\" decoding=\"async\" width=\"300\" height=\"200\" src=\"https:\/\/www.bzdz.pl\/technikum-mundurowe-kolaczkowo\/wp-content\/uploads\/2017\/11\/IMG_8049-300x200.jpg\" class=\"attachment-medium size-medium\" alt=\"\" srcset=\"https:\/\/www.bzdz.pl\/technikum-mundurowe-kolaczkowo\/wp-content\/uploads\/2017\/11\/IMG_8049-300x200.jpg 300w, https:\/\/www.bzdz.pl\/technikum-mundurowe-kolaczkowo\/wp-content\/uploads\/2017\/11\/IMG_8049-768x512.jpg 768w, https:\/\/www.bzdz.pl\/technikum-mundurowe-kolaczkowo\/wp-content\/uploads\/2017\/11\/IMG_8049-1024x683.jpg 1024w, https:\/\/www.bzdz.pl\/technikum-mundurowe-kolaczkowo\/wp-content\/uploads\/2017\/11\/IMG_8049-624x416.jpg 624w, https:\/\/www.bzdz.pl\/technikum-mundurowe-kolaczkowo\/wp-content\/uploads\/2017\/11\/IMG_8049.jpg 2048w\" sizes=\"auto, (max-width: 300px) 85vw, 300px\" \/><\/a>\n\t\t\t<\/div><\/figure><figure class='gallery-item'>\n\t\t\t<div class='gallery-icon landscape'>\n\t\t\t\t<a href='https:\/\/www.bzdz.pl\/technikum-mundurowe-kolaczkowo\/wp-content\/uploads\/2017\/11\/IMG_8057.jpg' title=\"\" data-rl_title=\"\" class=\"rl-gallery-link\" data-rl_caption=\"\" data-rel=\"lightbox-gallery-1\"><img loading=\"lazy\" decoding=\"async\" width=\"300\" height=\"200\" src=\"https:\/\/www.bzdz.pl\/technikum-mundurowe-kolaczkowo\/wp-content\/uploads\/2017\/11\/IMG_8057-300x200.jpg\" class=\"attachment-medium size-medium\" alt=\"\" srcset=\"https:\/\/www.bzdz.pl\/technikum-mundurowe-kolaczkowo\/wp-content\/uploads\/2017\/11\/IMG_8057-300x200.jpg 300w, https:\/\/www.bzdz.pl\/technikum-mundurowe-kolaczkowo\/wp-content\/uploads\/2017\/11\/IMG_8057-768x512.jpg 768w, https:\/\/www.bzdz.pl\/technikum-mundurowe-kolaczkowo\/wp-content\/uploads\/2017\/11\/IMG_8057-1024x683.jpg 1024w, https:\/\/www.bzdz.pl\/technikum-mundurowe-kolaczkowo\/wp-content\/uploads\/2017\/11\/IMG_8057-624x416.jpg 624w, https:\/\/www.bzdz.pl\/technikum-mundurowe-kolaczkowo\/wp-content\/uploads\/2017\/11\/IMG_8057.jpg 2048w\" sizes=\"auto, (max-width: 300px) 85vw, 300px\" \/><\/a>\n\t\t\t<\/div><\/figure><figure class='gallery-item'>\n\t\t\t<div class='gallery-icon landscape'>\n\t\t\t\t<a href='https:\/\/www.bzdz.pl\/technikum-mundurowe-kolaczkowo\/wp-content\/uploads\/2017\/11\/IMG_8055.jpg' title=\"\" data-rl_title=\"\" class=\"rl-gallery-link\" data-rl_caption=\"\" data-rel=\"lightbox-gallery-1\"><img loading=\"lazy\" decoding=\"async\" width=\"300\" height=\"200\" src=\"https:\/\/www.bzdz.pl\/technikum-mundurowe-kolaczkowo\/wp-content\/uploads\/2017\/11\/IMG_8055-300x200.jpg\" class=\"attachment-medium size-medium\" alt=\"\" srcset=\"https:\/\/www.bzdz.pl\/technikum-mundurowe-kolaczkowo\/wp-content\/uploads\/2017\/11\/IMG_8055-300x200.jpg 300w, https:\/\/www.bzdz.pl\/technikum-mundurowe-kolaczkowo\/wp-content\/uploads\/2017\/11\/IMG_8055-768x512.jpg 768w, https:\/\/www.bzdz.pl\/technikum-mundurowe-kolaczkowo\/wp-content\/uploads\/2017\/11\/IMG_8055-1024x683.jpg 1024w, https:\/\/www.bzdz.pl\/technikum-mundurowe-kolaczkowo\/wp-content\/uploads\/2017\/11\/IMG_8055-624x416.jpg 624w, https:\/\/www.bzdz.pl\/technikum-mundurowe-kolaczkowo\/wp-content\/uploads\/2017\/11\/IMG_8055.jpg 2048w\" sizes=\"auto, (max-width: 300px) 85vw, 300px\" \/><\/a>\n\t\t\t<\/div><\/figure><figure class='gallery-item'>\n\t\t\t<div class='gallery-icon landscape'>\n\t\t\t\t<a href='https:\/\/www.bzdz.pl\/technikum-mundurowe-kolaczkowo\/wp-content\/uploads\/2017\/11\/IMG_8061.jpg' title=\"\" data-rl_title=\"\" class=\"rl-gallery-link\" data-rl_caption=\"\" data-rel=\"lightbox-gallery-1\"><img loading=\"lazy\" decoding=\"async\" width=\"300\" height=\"200\" src=\"https:\/\/www.bzdz.pl\/technikum-mundurowe-kolaczkowo\/wp-content\/uploads\/2017\/11\/IMG_8061-300x200.jpg\" class=\"attachment-medium size-medium\" alt=\"\" srcset=\"https:\/\/www.bzdz.pl\/technikum-mundurowe-kolaczkowo\/wp-content\/uploads\/2017\/11\/IMG_8061-300x200.jpg 300w, https:\/\/www.bzdz.pl\/technikum-mundurowe-kolaczkowo\/wp-content\/uploads\/2017\/11\/IMG_8061-768x512.jpg 768w, https:\/\/www.bzdz.pl\/technikum-mundurowe-kolaczkowo\/wp-content\/uploads\/2017\/11\/IMG_8061-1024x683.jpg 1024w, https:\/\/www.bzdz.pl\/technikum-mundurowe-kolaczkowo\/wp-content\/uploads\/2017\/11\/IMG_8061-624x416.jpg 624w, https:\/\/www.bzdz.pl\/technikum-mundurowe-kolaczkowo\/wp-content\/uploads\/2017\/11\/IMG_8061.jpg 2048w\" sizes=\"auto, (max-width: 300px) 85vw, 300px\" \/><\/a>\n\t\t\t<\/div><\/figure><figure class='gallery-item'>\n\t\t\t<div class='gallery-icon landscape'>\n\t\t\t\t<a href='https:\/\/www.bzdz.pl\/technikum-mundurowe-kolaczkowo\/wp-content\/uploads\/2017\/11\/IMG_8063.jpg' title=\"\" data-rl_title=\"\" class=\"rl-gallery-link\" data-rl_caption=\"\" data-rel=\"lightbox-gallery-1\"><img loading=\"lazy\" decoding=\"async\" width=\"300\" height=\"200\" src=\"https:\/\/www.bzdz.pl\/technikum-mundurowe-kolaczkowo\/wp-content\/uploads\/2017\/11\/IMG_8063-300x200.jpg\" class=\"attachment-medium size-medium\" alt=\"\" srcset=\"https:\/\/www.bzdz.pl\/technikum-mundurowe-kolaczkowo\/wp-content\/uploads\/2017\/11\/IMG_8063-300x200.jpg 300w, https:\/\/www.bzdz.pl\/technikum-mundurowe-kolaczkowo\/wp-content\/uploads\/2017\/11\/IMG_8063-768x512.jpg 768w, https:\/\/www.bzdz.pl\/technikum-mundurowe-kolaczkowo\/wp-content\/uploads\/2017\/11\/IMG_8063-1024x683.jpg 1024w, https:\/\/www.bzdz.pl\/technikum-mundurowe-kolaczkowo\/wp-content\/uploads\/2017\/11\/IMG_8063-624x416.jpg 624w, https:\/\/www.bzdz.pl\/technikum-mundurowe-kolaczkowo\/wp-content\/uploads\/2017\/11\/IMG_8063.jpg 2048w\" sizes=\"auto, (max-width: 300px) 85vw, 300px\" \/><\/a>\n\t\t\t<\/div><\/figure><figure class='gallery-item'>\n\t\t\t<div class='gallery-icon landscape'>\n\t\t\t\t<a href='https:\/\/www.bzdz.pl\/technikum-mundurowe-kolaczkowo\/wp-content\/uploads\/2017\/11\/IMG_8065.jpg' title=\"\" data-rl_title=\"\" class=\"rl-gallery-link\" data-rl_caption=\"\" data-rel=\"lightbox-gallery-1\"><img loading=\"lazy\" decoding=\"async\" width=\"300\" height=\"200\" src=\"https:\/\/www.bzdz.pl\/technikum-mundurowe-kolaczkowo\/wp-content\/uploads\/2017\/11\/IMG_8065-300x200.jpg\" class=\"attachment-medium size-medium\" alt=\"\" srcset=\"https:\/\/www.bzdz.pl\/technikum-mundurowe-kolaczkowo\/wp-content\/uploads\/2017\/11\/IMG_8065-300x200.jpg 300w, https:\/\/www.bzdz.pl\/technikum-mundurowe-kolaczkowo\/wp-content\/uploads\/2017\/11\/IMG_8065-768x512.jpg 768w, https:\/\/www.bzdz.pl\/technikum-mundurowe-kolaczkowo\/wp-content\/uploads\/2017\/11\/IMG_8065-1024x683.jpg 1024w, https:\/\/www.bzdz.pl\/technikum-mundurowe-kolaczkowo\/wp-content\/uploads\/2017\/11\/IMG_8065-624x416.jpg 624w, https:\/\/www.bzdz.pl\/technikum-mundurowe-kolaczkowo\/wp-content\/uploads\/2017\/11\/IMG_8065.jpg 2048w\" sizes=\"auto, (max-width: 300px) 85vw, 300px\" \/><\/a>\n\t\t\t<\/div><\/figure><figure class='gallery-item'>\n\t\t\t<div class='gallery-icon landscape'>\n\t\t\t\t<a href='https:\/\/www.bzdz.pl\/technikum-mundurowe-kolaczkowo\/wp-content\/uploads\/2017\/11\/IMG_8077.jpg' title=\"\" data-rl_title=\"\" class=\"rl-gallery-link\" data-rl_caption=\"\" data-rel=\"lightbox-gallery-1\"><img loading=\"lazy\" decoding=\"async\" width=\"300\" height=\"200\" src=\"https:\/\/www.bzdz.pl\/technikum-mundurowe-kolaczkowo\/wp-content\/uploads\/2017\/11\/IMG_8077-300x200.jpg\" class=\"attachment-medium size-medium\" alt=\"\" srcset=\"https:\/\/www.bzdz.pl\/technikum-mundurowe-kolaczkowo\/wp-content\/uploads\/2017\/11\/IMG_8077-300x200.jpg 300w, https:\/\/www.bzdz.pl\/technikum-mundurowe-kolaczkowo\/wp-content\/uploads\/2017\/11\/IMG_8077-768x512.jpg 768w, https:\/\/www.bzdz.pl\/technikum-mundurowe-kolaczkowo\/wp-content\/uploads\/2017\/11\/IMG_8077-1024x683.jpg 1024w, https:\/\/www.bzdz.pl\/technikum-mundurowe-kolaczkowo\/wp-content\/uploads\/2017\/11\/IMG_8077-624x416.jpg 624w, https:\/\/www.bzdz.pl\/technikum-mundurowe-kolaczkowo\/wp-content\/uploads\/2017\/11\/IMG_8077.jpg 2048w\" sizes=\"auto, (max-width: 300px) 85vw, 300px\" \/><\/a>\n\t\t\t<\/div><\/figure><figure class='gallery-item'>\n\t\t\t<div class='gallery-icon landscape'>\n\t\t\t\t<a href='https:\/\/www.bzdz.pl\/technikum-mundurowe-kolaczkowo\/wp-content\/uploads\/2017\/11\/IMG_8080.jpg' title=\"\" data-rl_title=\"\" class=\"rl-gallery-link\" data-rl_caption=\"\" data-rel=\"lightbox-gallery-1\"><img loading=\"lazy\" decoding=\"async\" width=\"300\" height=\"200\" src=\"https:\/\/www.bzdz.pl\/technikum-mundurowe-kolaczkowo\/wp-content\/uploads\/2017\/11\/IMG_8080-300x200.jpg\" class=\"attachment-medium size-medium\" alt=\"\" srcset=\"https:\/\/www.bzdz.pl\/technikum-mundurowe-kolaczkowo\/wp-content\/uploads\/2017\/11\/IMG_8080-300x200.jpg 300w, https:\/\/www.bzdz.pl\/technikum-mundurowe-kolaczkowo\/wp-content\/uploads\/2017\/11\/IMG_8080-768x512.jpg 768w, https:\/\/www.bzdz.pl\/technikum-mundurowe-kolaczkowo\/wp-content\/uploads\/2017\/11\/IMG_8080-1024x683.jpg 1024w, https:\/\/www.bzdz.pl\/technikum-mundurowe-kolaczkowo\/wp-content\/uploads\/2017\/11\/IMG_8080-624x416.jpg 624w, https:\/\/www.bzdz.pl\/technikum-mundurowe-kolaczkowo\/wp-content\/uploads\/2017\/11\/IMG_8080.jpg 2048w\" sizes=\"auto, (max-width: 300px) 85vw, 300px\" \/><\/a>\n\t\t\t<\/div><\/figure><figure class='gallery-item'>\n\t\t\t<div class='gallery-icon landscape'>\n\t\t\t\t<a href='https:\/\/www.bzdz.pl\/technikum-mundurowe-kolaczkowo\/wp-content\/uploads\/2017\/11\/IMG_8079.jpg' title=\"\" data-rl_title=\"\" class=\"rl-gallery-link\" data-rl_caption=\"\" data-rel=\"lightbox-gallery-1\"><img loading=\"lazy\" decoding=\"async\" width=\"300\" height=\"200\" src=\"https:\/\/www.bzdz.pl\/technikum-mundurowe-kolaczkowo\/wp-content\/uploads\/2017\/11\/IMG_8079-300x200.jpg\" class=\"attachment-medium size-medium\" alt=\"\" srcset=\"https:\/\/www.bzdz.pl\/technikum-mundurowe-kolaczkowo\/wp-content\/uploads\/2017\/11\/IMG_8079-300x200.jpg 300w, https:\/\/www.bzdz.pl\/technikum-mundurowe-kolaczkowo\/wp-content\/uploads\/2017\/11\/IMG_8079-768x512.jpg 768w, https:\/\/www.bzdz.pl\/technikum-mundurowe-kolaczkowo\/wp-content\/uploads\/2017\/11\/IMG_8079-1024x683.jpg 1024w, https:\/\/www.bzdz.pl\/technikum-mundurowe-kolaczkowo\/wp-content\/uploads\/2017\/11\/IMG_8079-624x416.jpg 624w, https:\/\/www.bzdz.pl\/technikum-mundurowe-kolaczkowo\/wp-content\/uploads\/2017\/11\/IMG_8079.jpg 2048w\" sizes=\"auto, (max-width: 300px) 85vw, 300px\" \/><\/a>\n\t\t\t<\/div><\/figure><figure class='gallery-item'>\n\t\t\t<div class='gallery-icon landscape'>\n\t\t\t\t<a href='https:\/\/www.bzdz.pl\/technikum-mundurowe-kolaczkowo\/wp-content\/uploads\/2017\/11\/IMG_8083.jpg' title=\"\" data-rl_title=\"\" class=\"rl-gallery-link\" data-rl_caption=\"\" data-rel=\"lightbox-gallery-1\"><img loading=\"lazy\" decoding=\"async\" width=\"300\" height=\"200\" src=\"https:\/\/www.bzdz.pl\/technikum-mundurowe-kolaczkowo\/wp-content\/uploads\/2017\/11\/IMG_8083-300x200.jpg\" class=\"attachment-medium size-medium\" alt=\"\" srcset=\"https:\/\/www.bzdz.pl\/technikum-mundurowe-kolaczkowo\/wp-content\/uploads\/2017\/11\/IMG_8083-300x200.jpg 300w, https:\/\/www.bzdz.pl\/technikum-mundurowe-kolaczkowo\/wp-content\/uploads\/2017\/11\/IMG_8083-768x512.jpg 768w, https:\/\/www.bzdz.pl\/technikum-mundurowe-kolaczkowo\/wp-content\/uploads\/2017\/11\/IMG_8083-1024x683.jpg 1024w, https:\/\/www.bzdz.pl\/technikum-mundurowe-kolaczkowo\/wp-content\/uploads\/2017\/11\/IMG_8083-624x416.jpg 624w, https:\/\/www.bzdz.pl\/technikum-mundurowe-kolaczkowo\/wp-content\/uploads\/2017\/11\/IMG_8083.jpg 2048w\" sizes=\"auto, (max-width: 300px) 85vw, 300px\" \/><\/a>\n\t\t\t<\/div><\/figure><figure class='gallery-item'>\n\t\t\t<div class='gallery-icon landscape'>\n\t\t\t\t<a href='https:\/\/www.bzdz.pl\/technikum-mundurowe-kolaczkowo\/wp-content\/uploads\/2017\/11\/IMG_8084.jpg' title=\"\" data-rl_title=\"\" class=\"rl-gallery-link\" data-rl_caption=\"\" data-rel=\"lightbox-gallery-1\"><img loading=\"lazy\" decoding=\"async\" width=\"300\" height=\"200\" src=\"https:\/\/www.bzdz.pl\/technikum-mundurowe-kolaczkowo\/wp-content\/uploads\/2017\/11\/IMG_8084-300x200.jpg\" class=\"attachment-medium size-medium\" alt=\"\" srcset=\"https:\/\/www.bzdz.pl\/technikum-mundurowe-kolaczkowo\/wp-content\/uploads\/2017\/11\/IMG_8084-300x200.jpg 300w, https:\/\/www.bzdz.pl\/technikum-mundurowe-kolaczkowo\/wp-content\/uploads\/2017\/11\/IMG_8084-768x512.jpg 768w, https:\/\/www.bzdz.pl\/technikum-mundurowe-kolaczkowo\/wp-content\/uploads\/2017\/11\/IMG_8084-1024x683.jpg 1024w, https:\/\/www.bzdz.pl\/technikum-mundurowe-kolaczkowo\/wp-content\/uploads\/2017\/11\/IMG_8084-624x416.jpg 624w, https:\/\/www.bzdz.pl\/technikum-mundurowe-kolaczkowo\/wp-content\/uploads\/2017\/11\/IMG_8084.jpg 2048w\" sizes=\"auto, (max-width: 300px) 85vw, 300px\" \/><\/a>\n\t\t\t<\/div><\/figure><figure class='gallery-item'>\n\t\t\t<div class='gallery-icon landscape'>\n\t\t\t\t<a href='https:\/\/www.bzdz.pl\/technikum-mundurowe-kolaczkowo\/wp-content\/uploads\/2017\/11\/IMG_8085.jpg' title=\"\" data-rl_title=\"\" class=\"rl-gallery-link\" data-rl_caption=\"\" data-rel=\"lightbox-gallery-1\"><img loading=\"lazy\" decoding=\"async\" width=\"300\" height=\"200\" src=\"https:\/\/www.bzdz.pl\/technikum-mundurowe-kolaczkowo\/wp-content\/uploads\/2017\/11\/IMG_8085-300x200.jpg\" class=\"attachment-medium size-medium\" alt=\"\" srcset=\"https:\/\/www.bzdz.pl\/technikum-mundurowe-kolaczkowo\/wp-content\/uploads\/2017\/11\/IMG_8085-300x200.jpg 300w, https:\/\/www.bzdz.pl\/technikum-mundurowe-kolaczkowo\/wp-content\/uploads\/2017\/11\/IMG_8085-768x512.jpg 768w, https:\/\/www.bzdz.pl\/technikum-mundurowe-kolaczkowo\/wp-content\/uploads\/2017\/11\/IMG_8085-1024x683.jpg 1024w, https:\/\/www.bzdz.pl\/technikum-mundurowe-kolaczkowo\/wp-content\/uploads\/2017\/11\/IMG_8085-624x416.jpg 624w, https:\/\/www.bzdz.pl\/technikum-mundurowe-kolaczkowo\/wp-content\/uploads\/2017\/11\/IMG_8085.jpg 2048w\" sizes=\"auto, (max-width: 300px) 85vw, 300px\" \/><\/a>\n\t\t\t<\/div><\/figure><figure class='gallery-item'>\n\t\t\t<div class='gallery-icon landscape'>\n\t\t\t\t<a href='https:\/\/www.bzdz.pl\/technikum-mundurowe-kolaczkowo\/wp-content\/uploads\/2017\/11\/IMG_8087.jpg' title=\"\" data-rl_title=\"\" class=\"rl-gallery-link\" data-rl_caption=\"\" data-rel=\"lightbox-gallery-1\"><img loading=\"lazy\" decoding=\"async\" width=\"300\" height=\"200\" src=\"https:\/\/www.bzdz.pl\/technikum-mundurowe-kolaczkowo\/wp-content\/uploads\/2017\/11\/IMG_8087-300x200.jpg\" class=\"attachment-medium size-medium\" alt=\"\" srcset=\"https:\/\/www.bzdz.pl\/technikum-mundurowe-kolaczkowo\/wp-content\/uploads\/2017\/11\/IMG_8087-300x200.jpg 300w, https:\/\/www.bzdz.pl\/technikum-mundurowe-kolaczkowo\/wp-content\/uploads\/2017\/11\/IMG_8087-768x512.jpg 768w, https:\/\/www.bzdz.pl\/technikum-mundurowe-kolaczkowo\/wp-content\/uploads\/2017\/11\/IMG_8087-1024x683.jpg 1024w, https:\/\/www.bzdz.pl\/technikum-mundurowe-kolaczkowo\/wp-content\/uploads\/2017\/11\/IMG_8087-624x416.jpg 624w, https:\/\/www.bzdz.pl\/technikum-mundurowe-kolaczkowo\/wp-content\/uploads\/2017\/11\/IMG_8087.jpg 2048w\" sizes=\"auto, (max-width: 300px) 85vw, 300px\" \/><\/a>\n\t\t\t<\/div><\/figure><figure class='gallery-item'>\n\t\t\t<div class='gallery-icon landscape'>\n\t\t\t\t<a href='https:\/\/www.bzdz.pl\/technikum-mundurowe-kolaczkowo\/wp-content\/uploads\/2017\/11\/IMG_8094.jpg' title=\"\" data-rl_title=\"\" class=\"rl-gallery-link\" data-rl_caption=\"\" data-rel=\"lightbox-gallery-1\"><img loading=\"lazy\" decoding=\"async\" width=\"300\" height=\"200\" src=\"https:\/\/www.bzdz.pl\/technikum-mundurowe-kolaczkowo\/wp-content\/uploads\/2017\/11\/IMG_8094-300x200.jpg\" class=\"attachment-medium size-medium\" alt=\"\" srcset=\"https:\/\/www.bzdz.pl\/technikum-mundurowe-kolaczkowo\/wp-content\/uploads\/2017\/11\/IMG_8094-300x200.jpg 300w, https:\/\/www.bzdz.pl\/technikum-mundurowe-kolaczkowo\/wp-content\/uploads\/2017\/11\/IMG_8094-768x512.jpg 768w, https:\/\/www.bzdz.pl\/technikum-mundurowe-kolaczkowo\/wp-content\/uploads\/2017\/11\/IMG_8094-1024x683.jpg 1024w, https:\/\/www.bzdz.pl\/technikum-mundurowe-kolaczkowo\/wp-content\/uploads\/2017\/11\/IMG_8094-624x416.jpg 624w, https:\/\/www.bzdz.pl\/technikum-mundurowe-kolaczkowo\/wp-content\/uploads\/2017\/11\/IMG_8094.jpg 2048w\" sizes=\"auto, (max-width: 300px) 85vw, 300px\" \/><\/a>\n\t\t\t<\/div><\/figure><figure class='gallery-item'>\n\t\t\t<div class='gallery-icon landscape'>\n\t\t\t\t<a href='https:\/\/www.bzdz.pl\/technikum-mundurowe-kolaczkowo\/wp-content\/uploads\/2017\/11\/IMG_8110.jpg' title=\"\" data-rl_title=\"\" class=\"rl-gallery-link\" data-rl_caption=\"\" data-rel=\"lightbox-gallery-1\"><img loading=\"lazy\" decoding=\"async\" width=\"300\" height=\"200\" src=\"https:\/\/www.bzdz.pl\/technikum-mundurowe-kolaczkowo\/wp-content\/uploads\/2017\/11\/IMG_8110-300x200.jpg\" class=\"attachment-medium size-medium\" alt=\"\" srcset=\"https:\/\/www.bzdz.pl\/technikum-mundurowe-kolaczkowo\/wp-content\/uploads\/2017\/11\/IMG_8110-300x200.jpg 300w, https:\/\/www.bzdz.pl\/technikum-mundurowe-kolaczkowo\/wp-content\/uploads\/2017\/11\/IMG_8110-768x512.jpg 768w, https:\/\/www.bzdz.pl\/technikum-mundurowe-kolaczkowo\/wp-content\/uploads\/2017\/11\/IMG_8110-1024x683.jpg 1024w, https:\/\/www.bzdz.pl\/technikum-mundurowe-kolaczkowo\/wp-content\/uploads\/2017\/11\/IMG_8110-624x416.jpg 624w, https:\/\/www.bzdz.pl\/technikum-mundurowe-kolaczkowo\/wp-content\/uploads\/2017\/11\/IMG_8110.jpg 2048w\" sizes=\"auto, (max-width: 300px) 85vw, 300px\" \/><\/a>\n\t\t\t<\/div><\/figure>\n\t\t<\/div>\n\n","protected":false},"excerpt":{"rendered":"<div class=\"clr\"><\/div>\n<p><a href=\"https:\/\/www.bzdz.pl\/technikum-mundurowe-kolaczkowo\/apel-z-okazji-narodowego-swieta-niepodleglosci\/\" class=\"readmore\">Przeczytaj ca\u0142o\u015b\u0107<\/a><\/p>\n","protected":false},"author":3,"featured_media":0,"parent":0,"menu_order":0,"comment_status":"closed","ping_status":"closed","template":"","meta":{"footnotes":""},"class_list":["post-2217","page","type-page","status-publish","hentry"],"yoast_head":"<!-- This site is optimized with the Yoast SEO plugin v27.6 - https:\/\/yoast.com\/product\/yoast-seo-wordpress\/ -->\n<title>Apel z okazji Narodowego \u015awi\u0119ta Niepodleg\u0142o\u015bci - Technikum Mundurowe Ko\u0142aczkowo - BZDZ<\/title>\n<meta name=\"robots\" content=\"index, follow, max-snippet:-1, max-image-preview:large, max-video-preview:-1\" \/>\n<link rel=\"canonical\" href=\"https:\/\/www.bzdz.pl\/technikum-mundurowe-kolaczkowo\/apel-z-okazji-narodowego-swieta-niepodleglosci\/\" \/>\n<meta property=\"og:locale\" content=\"pl_PL\" \/>\n<meta property=\"og:type\" content=\"article\" \/>\n<meta property=\"og:title\" content=\"Apel z okazji Narodowego \u015awi\u0119ta Niepodleg\u0142o\u015bci - Technikum Mundurowe Ko\u0142aczkowo - BZDZ\" \/>\n<meta property=\"og:description\" content=\"Przeczytaj ca\u0142o\u015b\u0107\" \/>\n<meta property=\"og:url\" content=\"https:\/\/www.bzdz.pl\/technikum-mundurowe-kolaczkowo\/apel-z-okazji-narodowego-swieta-niepodleglosci\/\" \/>\n<meta property=\"og:site_name\" content=\"Technikum Mundurowe Ko\u0142aczkowo - BZDZ\" \/>\n<meta property=\"article:modified_time\" content=\"2017-11-13T23:23:38+00:00\" \/>\n<meta property=\"og:image\" content=\"https:\/\/www.bzdz.pl\/technikum-mundurowe-kolaczkowo\/wp-content\/uploads\/2017\/11\/IMG_8049-300x200.jpg\" \/>\n<meta name=\"twitter:card\" content=\"summary_large_image\" \/>\n<script type=\"application\/ld+json\" class=\"yoast-schema-graph\">{\"@context\":\"https:\\\/\\\/schema.org\",\"@graph\":[{\"@type\":\"WebPage\",\"@id\":\"https:\\\/\\\/www.bzdz.pl\\\/technikum-mundurowe-kolaczkowo\\\/apel-z-okazji-narodowego-swieta-niepodleglosci\\\/\",\"url\":\"https:\\\/\\\/www.bzdz.pl\\\/technikum-mundurowe-kolaczkowo\\\/apel-z-okazji-narodowego-swieta-niepodleglosci\\\/\",\"name\":\"Apel z okazji Narodowego \u015awi\u0119ta Niepodleg\u0142o\u015bci - Technikum Mundurowe Ko\u0142aczkowo - BZDZ\",\"isPartOf\":{\"@id\":\"https:\\\/\\\/www.bzdz.pl\\\/technikum-mundurowe-kolaczkowo\\\/#website\"},\"datePublished\":\"2017-11-13T23:23:28+00:00\",\"dateModified\":\"2017-11-13T23:23:38+00:00\",\"breadcrumb\":{\"@id\":\"https:\\\/\\\/www.bzdz.pl\\\/technikum-mundurowe-kolaczkowo\\\/apel-z-okazji-narodowego-swieta-niepodleglosci\\\/#breadcrumb\"},\"inLanguage\":\"pl-PL\",\"potentialAction\":[{\"@type\":\"ReadAction\",\"target\":[\"https:\\\/\\\/www.bzdz.pl\\\/technikum-mundurowe-kolaczkowo\\\/apel-z-okazji-narodowego-swieta-niepodleglosci\\\/\"]}]},{\"@type\":\"BreadcrumbList\",\"@id\":\"https:\\\/\\\/www.bzdz.pl\\\/technikum-mundurowe-kolaczkowo\\\/apel-z-okazji-narodowego-swieta-niepodleglosci\\\/#breadcrumb\",\"itemListElement\":[{\"@type\":\"ListItem\",\"position\":1,\"name\":\"Strona g\u0142\u00f3wna\",\"item\":\"https:\\\/\\\/www.bzdz.pl\\\/technikum-mundurowe-kolaczkowo\\\/\"},{\"@type\":\"ListItem\",\"position\":2,\"name\":\"Apel z okazji Narodowego \u015awi\u0119ta Niepodleg\u0142o\u015bci\"}]},{\"@type\":\"WebSite\",\"@id\":\"https:\\\/\\\/www.bzdz.pl\\\/technikum-mundurowe-kolaczkowo\\\/#website\",\"url\":\"https:\\\/\\\/www.bzdz.pl\\\/technikum-mundurowe-kolaczkowo\\\/\",\"name\":\"Technikum Mundurowe Ko\u0142aczkowo - BZDZ\",\"description\":\"\",\"potentialAction\":[{\"@type\":\"SearchAction\",\"target\":{\"@type\":\"EntryPoint\",\"urlTemplate\":\"https:\\\/\\\/www.bzdz.pl\\\/technikum-mundurowe-kolaczkowo\\\/?s={search_term_string}\"},\"query-input\":{\"@type\":\"PropertyValueSpecification\",\"valueRequired\":true,\"valueName\":\"search_term_string\"}}],\"inLanguage\":\"pl-PL\"}]}<\/script>\n<!-- \/ Yoast SEO plugin. -->","yoast_head_json":{"title":"Apel z okazji Narodowego \u015awi\u0119ta Niepodleg\u0142o\u015bci - Technikum Mundurowe Ko\u0142aczkowo - BZDZ","robots":{"index":"index","follow":"follow","max-snippet":"max-snippet:-1","max-image-preview":"max-image-preview:large","max-video-preview":"max-video-preview:-1"},"canonical":"https:\/\/www.bzdz.pl\/technikum-mundurowe-kolaczkowo\/apel-z-okazji-narodowego-swieta-niepodleglosci\/","og_locale":"pl_PL","og_type":"article","og_title":"Apel z okazji Narodowego \u015awi\u0119ta Niepodleg\u0142o\u015bci - Technikum Mundurowe Ko\u0142aczkowo - BZDZ","og_description":"Przeczytaj ca\u0142o\u015b\u0107","og_url":"https:\/\/www.bzdz.pl\/technikum-mundurowe-kolaczkowo\/apel-z-okazji-narodowego-swieta-niepodleglosci\/","og_site_name":"Technikum Mundurowe Ko\u0142aczkowo - BZDZ","article_modified_time":"2017-11-13T23:23:38+00:00","og_image":[{"url":"https:\/\/www.bzdz.pl\/technikum-mundurowe-kolaczkowo\/wp-content\/uploads\/2017\/11\/IMG_8049-300x200.jpg","type":"","width":"","height":""}],"twitter_card":"summary_large_image","schema":{"@context":"https:\/\/schema.org","@graph":[{"@type":"WebPage","@id":"https:\/\/www.bzdz.pl\/technikum-mundurowe-kolaczkowo\/apel-z-okazji-narodowego-swieta-niepodleglosci\/","url":"https:\/\/www.bzdz.pl\/technikum-mundurowe-kolaczkowo\/apel-z-okazji-narodowego-swieta-niepodleglosci\/","name":"Apel z okazji Narodowego \u015awi\u0119ta Niepodleg\u0142o\u015bci - Technikum Mundurowe Ko\u0142aczkowo - BZDZ","isPartOf":{"@id":"https:\/\/www.bzdz.pl\/technikum-mundurowe-kolaczkowo\/#website"},"datePublished":"2017-11-13T23:23:28+00:00","dateModified":"2017-11-13T23:23:38+00:00","breadcrumb":{"@id":"https:\/\/www.bzdz.pl\/technikum-mundurowe-kolaczkowo\/apel-z-okazji-narodowego-swieta-niepodleglosci\/#breadcrumb"},"inLanguage":"pl-PL","potentialAction":[{"@type":"ReadAction","target":["https:\/\/www.bzdz.pl\/technikum-mundurowe-kolaczkowo\/apel-z-okazji-narodowego-swieta-niepodleglosci\/"]}]},{"@type":"BreadcrumbList","@id":"https:\/\/www.bzdz.pl\/technikum-mundurowe-kolaczkowo\/apel-z-okazji-narodowego-swieta-niepodleglosci\/#breadcrumb","itemListElement":[{"@type":"ListItem","position":1,"name":"Strona g\u0142\u00f3wna","item":"https:\/\/www.bzdz.pl\/technikum-mundurowe-kolaczkowo\/"},{"@type":"ListItem","position":2,"name":"Apel z okazji Narodowego \u015awi\u0119ta Niepodleg\u0142o\u015bci"}]},{"@type":"WebSite","@id":"https:\/\/www.bzdz.pl\/technikum-mundurowe-kolaczkowo\/#website","url":"https:\/\/www.bzdz.pl\/technikum-mundurowe-kolaczkowo\/","name":"Technikum Mundurowe Ko\u0142aczkowo - BZDZ","description":"","potentialAction":[{"@type":"SearchAction","target":{"@type":"EntryPoint","urlTemplate":"https:\/\/www.bzdz.pl\/technikum-mundurowe-kolaczkowo\/?s={search_term_string}"},"query-input":{"@type":"PropertyValueSpecification","valueRequired":true,"valueName":"search_term_string"}}],"inLanguage":"pl-PL"}]}},"_links":{"self":[{"href":"https:\/\/www.bzdz.pl\/technikum-mundurowe-kolaczkowo\/wp-json\/wp\/v2\/pages\/2217","targetHints":{"allow":["GET"]}}],"collection":[{"href":"https:\/\/www.bzdz.pl\/technikum-mundurowe-kolaczkowo\/wp-json\/wp\/v2\/pages"}],"about":[{"href":"https:\/\/www.bzdz.pl\/technikum-mundurowe-kolaczkowo\/wp-json\/wp\/v2\/types\/page"}],"author":[{"embeddable":true,"href":"https:\/\/www.bzdz.pl\/technikum-mundurowe-kolaczkowo\/wp-json\/wp\/v2\/users\/3"}],"replies":[{"embeddable":true,"href":"https:\/\/www.bzdz.pl\/technikum-mundurowe-kolaczkowo\/wp-json\/wp\/v2\/comments?post=2217"}],"version-history":[{"count":0,"href":"https:\/\/www.bzdz.pl\/technikum-mundurowe-kolaczkowo\/wp-json\/wp\/v2\/pages\/2217\/revisions"}],"wp:attachment":[{"href":"https:\/\/www.bzdz.pl\/technikum-mundurowe-kolaczkowo\/wp-json\/wp\/v2\/media?parent=2217"}],"curies":[{"name":"wp","href":"https:\/\/api.w.org\/{rel}","templated":true}]}}