{"id":1806,"date":"2016-10-25T15:35:02","date_gmt":"2016-10-25T13:35:02","guid":{"rendered":"https:\/\/www.bzdz.pl\/technikum-mundurowe-kolaczkowo\/?page_id=1806"},"modified":"2016-11-24T15:36:15","modified_gmt":"2016-11-24T14:36:15","slug":"manewry-asg-w-bydgoszczy","status":"publish","type":"page","link":"https:\/\/www.bzdz.pl\/technikum-mundurowe-kolaczkowo\/manewry-asg-w-bydgoszczy\/","title":{"rendered":"Manewry ASG w Bydgoszczy"},"content":{"rendered":"<p><strong>4 pa\u017adziernika<\/strong> 2016 uczniowie klas I \u2013 III wzi\u0119li udzia\u0142 w<strong> manewrach ASG w Bydgoszczy.<\/strong> Podzieleni na dwie dru\u017cyny, ubrani w mundury udali si\u0119 na poligon Exploseum, \u017ceby spr\u00f3bowa\u0107 swoich si\u0142 w r\u00f3\u017cnych misjach, tj. Capture the flag, czy Neutralizacja bomby. By\u0142 to doskona\u0142y sprawdzian umiej\u0119tno\u015bci dzia\u0142ania w grupie oraz sprawno\u015bci fizycznej i refleksu.\u00a0 Pomimo niewielkich siniak\u00f3w i zm\u0119czenia, po 4 godzinnej zabawie wszyscy uczestnicy wracali do dom\u00f3w bardzo zadowoleni i dumni, \u017ce uda\u0142o im si\u0119 wytrwa\u0107 do ko\u0144ca.<\/p>\n","protected":false},"excerpt":{"rendered":"<p>4 pa\u017adziernika 2016 uczniowie klas I \u2013 III wzi\u0119li udzia\u0142 w manewrach ASG w Bydgoszczy. Podzieleni na dwie dru\u017cyny, ubrani w mundury udali si\u0119 na poligon Exploseum, \u017ceby spr\u00f3bowa\u0107 swoich si\u0142 w r\u00f3\u017cnych misjach, tj. Capture the flag, czy Neutralizacja bomby. By\u0142 to doskona\u0142y sprawdzian umiej\u0119tno\u015bci dzia\u0142ania w grupie oraz sprawno\u015bci fizycznej i refleksu.\u00a0 Pomimo niewielkich siniak\u00f3w i zm\u0119czenia, po 4 godzinnej zabawie wszyscy uczestnicy wracali do dom\u00f3w bardzo zadowoleni i dumni, \u017ce uda\u0142o im si\u0119 wytrwa\u0107 do ko\u0144ca.<\/p>\n<div class=\"clr\"><\/div>\n<p><a href=\"https:\/\/www.bzdz.pl\/technikum-mundurowe-kolaczkowo\/manewry-asg-w-bydgoszczy\/\" class=\"readmore\">Przeczytaj ca\u0142o\u015b\u0107<\/a><\/p>\n","protected":false},"author":3,"featured_media":0,"parent":0,"menu_order":0,"comment_status":"closed","ping_status":"closed","template":"","meta":{"footnotes":""},"class_list":["post-1806","page","type-page","status-publish","hentry"],"yoast_head":"<!-- This site is optimized with the Yoast SEO plugin v27.6 - https:\/\/yoast.com\/product\/yoast-seo-wordpress\/ -->\n<title>Manewry ASG w Bydgoszczy - Technikum Mundurowe Ko\u0142aczkowo - BZDZ<\/title>\n<meta name=\"robots\" content=\"index, follow, max-snippet:-1, max-image-preview:large, max-video-preview:-1\" \/>\n<link rel=\"canonical\" href=\"https:\/\/www.bzdz.pl\/technikum-mundurowe-kolaczkowo\/manewry-asg-w-bydgoszczy\/\" \/>\n<meta property=\"og:locale\" content=\"pl_PL\" \/>\n<meta property=\"og:type\" content=\"article\" \/>\n<meta property=\"og:title\" content=\"Manewry ASG w Bydgoszczy - Technikum Mundurowe Ko\u0142aczkowo - BZDZ\" \/>\n<meta property=\"og:description\" content=\"4 pa\u017adziernika 2016 uczniowie klas I \u2013 III wzi\u0119li udzia\u0142 w manewrach ASG w Bydgoszczy. Podzieleni na dwie dru\u017cyny, ubrani w mundury udali si\u0119 na poligon Exploseum, \u017ceby spr\u00f3bowa\u0107 swoich si\u0142 w r\u00f3\u017cnych misjach, tj. Capture the flag, czy Neutralizacja bomby. By\u0142 to doskona\u0142y sprawdzian umiej\u0119tno\u015bci dzia\u0142ania w grupie oraz sprawno\u015bci fizycznej i refleksu.\u00a0 Pomimo niewielkich siniak\u00f3w i zm\u0119czenia, po 4 godzinnej zabawie wszyscy uczestnicy wracali do dom\u00f3w bardzo zadowoleni i dumni, \u017ce uda\u0142o im si\u0119 wytrwa\u0107 do ko\u0144ca.Przeczytaj ca\u0142o\u015b\u0107\" \/>\n<meta property=\"og:url\" content=\"https:\/\/www.bzdz.pl\/technikum-mundurowe-kolaczkowo\/manewry-asg-w-bydgoszczy\/\" \/>\n<meta property=\"og:site_name\" content=\"Technikum Mundurowe Ko\u0142aczkowo - BZDZ\" \/>\n<meta property=\"article:modified_time\" content=\"2016-11-24T14:36:15+00:00\" \/>\n<meta name=\"twitter:card\" content=\"summary_large_image\" \/>\n<script type=\"application\/ld+json\" class=\"yoast-schema-graph\">{\"@context\":\"https:\\\/\\\/schema.org\",\"@graph\":[{\"@type\":\"WebPage\",\"@id\":\"https:\\\/\\\/www.bzdz.pl\\\/technikum-mundurowe-kolaczkowo\\\/manewry-asg-w-bydgoszczy\\\/\",\"url\":\"https:\\\/\\\/www.bzdz.pl\\\/technikum-mundurowe-kolaczkowo\\\/manewry-asg-w-bydgoszczy\\\/\",\"name\":\"Manewry ASG w Bydgoszczy - Technikum Mundurowe Ko\u0142aczkowo - BZDZ\",\"isPartOf\":{\"@id\":\"https:\\\/\\\/www.bzdz.pl\\\/technikum-mundurowe-kolaczkowo\\\/#website\"},\"datePublished\":\"2016-10-25T13:35:02+00:00\",\"dateModified\":\"2016-11-24T14:36:15+00:00\",\"breadcrumb\":{\"@id\":\"https:\\\/\\\/www.bzdz.pl\\\/technikum-mundurowe-kolaczkowo\\\/manewry-asg-w-bydgoszczy\\\/#breadcrumb\"},\"inLanguage\":\"pl-PL\",\"potentialAction\":[{\"@type\":\"ReadAction\",\"target\":[\"https:\\\/\\\/www.bzdz.pl\\\/technikum-mundurowe-kolaczkowo\\\/manewry-asg-w-bydgoszczy\\\/\"]}]},{\"@type\":\"BreadcrumbList\",\"@id\":\"https:\\\/\\\/www.bzdz.pl\\\/technikum-mundurowe-kolaczkowo\\\/manewry-asg-w-bydgoszczy\\\/#breadcrumb\",\"itemListElement\":[{\"@type\":\"ListItem\",\"position\":1,\"name\":\"Strona g\u0142\u00f3wna\",\"item\":\"https:\\\/\\\/www.bzdz.pl\\\/technikum-mundurowe-kolaczkowo\\\/\"},{\"@type\":\"ListItem\",\"position\":2,\"name\":\"Manewry ASG w Bydgoszczy\"}]},{\"@type\":\"WebSite\",\"@id\":\"https:\\\/\\\/www.bzdz.pl\\\/technikum-mundurowe-kolaczkowo\\\/#website\",\"url\":\"https:\\\/\\\/www.bzdz.pl\\\/technikum-mundurowe-kolaczkowo\\\/\",\"name\":\"Technikum Mundurowe Ko\u0142aczkowo - BZDZ\",\"description\":\"\",\"potentialAction\":[{\"@type\":\"SearchAction\",\"target\":{\"@type\":\"EntryPoint\",\"urlTemplate\":\"https:\\\/\\\/www.bzdz.pl\\\/technikum-mundurowe-kolaczkowo\\\/?s={search_term_string}\"},\"query-input\":{\"@type\":\"PropertyValueSpecification\",\"valueRequired\":true,\"valueName\":\"search_term_string\"}}],\"inLanguage\":\"pl-PL\"}]}<\/script>\n<!-- \/ Yoast SEO plugin. -->","yoast_head_json":{"title":"Manewry ASG w Bydgoszczy - Technikum Mundurowe Ko\u0142aczkowo - BZDZ","robots":{"index":"index","follow":"follow","max-snippet":"max-snippet:-1","max-image-preview":"max-image-preview:large","max-video-preview":"max-video-preview:-1"},"canonical":"https:\/\/www.bzdz.pl\/technikum-mundurowe-kolaczkowo\/manewry-asg-w-bydgoszczy\/","og_locale":"pl_PL","og_type":"article","og_title":"Manewry ASG w Bydgoszczy - Technikum Mundurowe Ko\u0142aczkowo - BZDZ","og_description":"4 pa\u017adziernika 2016 uczniowie klas I \u2013 III wzi\u0119li udzia\u0142 w manewrach ASG w Bydgoszczy. Podzieleni na dwie dru\u017cyny, ubrani w mundury udali si\u0119 na poligon Exploseum, \u017ceby spr\u00f3bowa\u0107 swoich si\u0142 w r\u00f3\u017cnych misjach, tj. Capture the flag, czy Neutralizacja bomby. By\u0142 to doskona\u0142y sprawdzian umiej\u0119tno\u015bci dzia\u0142ania w grupie oraz sprawno\u015bci fizycznej i refleksu.\u00a0 Pomimo niewielkich siniak\u00f3w i zm\u0119czenia, po 4 godzinnej zabawie wszyscy uczestnicy wracali do dom\u00f3w bardzo zadowoleni i dumni, \u017ce uda\u0142o im si\u0119 wytrwa\u0107 do ko\u0144ca.Przeczytaj ca\u0142o\u015b\u0107","og_url":"https:\/\/www.bzdz.pl\/technikum-mundurowe-kolaczkowo\/manewry-asg-w-bydgoszczy\/","og_site_name":"Technikum Mundurowe Ko\u0142aczkowo - BZDZ","article_modified_time":"2016-11-24T14:36:15+00:00","twitter_card":"summary_large_image","schema":{"@context":"https:\/\/schema.org","@graph":[{"@type":"WebPage","@id":"https:\/\/www.bzdz.pl\/technikum-mundurowe-kolaczkowo\/manewry-asg-w-bydgoszczy\/","url":"https:\/\/www.bzdz.pl\/technikum-mundurowe-kolaczkowo\/manewry-asg-w-bydgoszczy\/","name":"Manewry ASG w Bydgoszczy - Technikum Mundurowe Ko\u0142aczkowo - BZDZ","isPartOf":{"@id":"https:\/\/www.bzdz.pl\/technikum-mundurowe-kolaczkowo\/#website"},"datePublished":"2016-10-25T13:35:02+00:00","dateModified":"2016-11-24T14:36:15+00:00","breadcrumb":{"@id":"https:\/\/www.bzdz.pl\/technikum-mundurowe-kolaczkowo\/manewry-asg-w-bydgoszczy\/#breadcrumb"},"inLanguage":"pl-PL","potentialAction":[{"@type":"ReadAction","target":["https:\/\/www.bzdz.pl\/technikum-mundurowe-kolaczkowo\/manewry-asg-w-bydgoszczy\/"]}]},{"@type":"BreadcrumbList","@id":"https:\/\/www.bzdz.pl\/technikum-mundurowe-kolaczkowo\/manewry-asg-w-bydgoszczy\/#breadcrumb","itemListElement":[{"@type":"ListItem","position":1,"name":"Strona g\u0142\u00f3wna","item":"https:\/\/www.bzdz.pl\/technikum-mundurowe-kolaczkowo\/"},{"@type":"ListItem","position":2,"name":"Manewry ASG w Bydgoszczy"}]},{"@type":"WebSite","@id":"https:\/\/www.bzdz.pl\/technikum-mundurowe-kolaczkowo\/#website","url":"https:\/\/www.bzdz.pl\/technikum-mundurowe-kolaczkowo\/","name":"Technikum Mundurowe Ko\u0142aczkowo - BZDZ","description":"","potentialAction":[{"@type":"SearchAction","target":{"@type":"EntryPoint","urlTemplate":"https:\/\/www.bzdz.pl\/technikum-mundurowe-kolaczkowo\/?s={search_term_string}"},"query-input":{"@type":"PropertyValueSpecification","valueRequired":true,"valueName":"search_term_string"}}],"inLanguage":"pl-PL"}]}},"_links":{"self":[{"href":"https:\/\/www.bzdz.pl\/technikum-mundurowe-kolaczkowo\/wp-json\/wp\/v2\/pages\/1806","targetHints":{"allow":["GET"]}}],"collection":[{"href":"https:\/\/www.bzdz.pl\/technikum-mundurowe-kolaczkowo\/wp-json\/wp\/v2\/pages"}],"about":[{"href":"https:\/\/www.bzdz.pl\/technikum-mundurowe-kolaczkowo\/wp-json\/wp\/v2\/types\/page"}],"author":[{"embeddable":true,"href":"https:\/\/www.bzdz.pl\/technikum-mundurowe-kolaczkowo\/wp-json\/wp\/v2\/users\/3"}],"replies":[{"embeddable":true,"href":"https:\/\/www.bzdz.pl\/technikum-mundurowe-kolaczkowo\/wp-json\/wp\/v2\/comments?post=1806"}],"version-history":[{"count":0,"href":"https:\/\/www.bzdz.pl\/technikum-mundurowe-kolaczkowo\/wp-json\/wp\/v2\/pages\/1806\/revisions"}],"wp:attachment":[{"href":"https:\/\/www.bzdz.pl\/technikum-mundurowe-kolaczkowo\/wp-json\/wp\/v2\/media?parent=1806"}],"curies":[{"name":"wp","href":"https:\/\/api.w.org\/{rel}","templated":true}]}}