{"id":2366,"date":"2019-09-02T16:09:40","date_gmt":"2019-09-02T14:09:40","guid":{"rendered":"https:\/\/www.bzdz.pl\/technikum-mundurowe-chelmno\/?page_id=2366"},"modified":"2019-09-02T16:11:33","modified_gmt":"2019-09-02T14:11:33","slug":"zebrania-rodzicow","status":"publish","type":"page","link":"https:\/\/www.bzdz.pl\/technikum-mundurowe-chelmno\/zebrania-rodzicow\/","title":{"rendered":"Zebrania rodzic\u00f3w"},"content":{"rendered":"<p style=\"text-align: center;\">Rodzic\u00f3w uczni\u00f3w klas I zapraszamy 5 wrze\u015bnia na zebranie z wychowawcami.<\/p>\n<p style=\"text-align: center;\">Pocz\u0105tek o godz. 16.00.<\/p>\n","protected":false},"excerpt":{"rendered":"<p style=\"text-align: center;\">Rodzic\u00f3w uczni\u00f3w klas I zapraszamy 5 wrze\u015bnia na zebranie z wychowawcami.<\/p>\n<p style=\"text-align: center;\">Pocz\u0105tek o godz. 16.00.<\/p>\n<div class=\"clr\"><\/div>\n<p><a href=\"https:\/\/www.bzdz.pl\/technikum-mundurowe-chelmno\/zebrania-rodzicow\/\" class=\"readmore\">Przeczytaj ca\u0142o\u015b\u0107<\/a><\/p>\n","protected":false},"author":3,"featured_media":0,"parent":0,"menu_order":0,"comment_status":"closed","ping_status":"closed","template":"","meta":{"footnotes":""},"class_list":["post-2366","page","type-page","status-publish","hentry"],"yoast_head":"<!-- This site is optimized with the Yoast SEO plugin v27.4 - https:\/\/yoast.com\/product\/yoast-seo-wordpress\/ -->\n<title>Zebrania rodzic\u00f3w - Technikum Mundurowe Che\u0142mno<\/title>\n<meta name=\"robots\" content=\"index, follow, max-snippet:-1, max-image-preview:large, max-video-preview:-1\" \/>\n<link rel=\"canonical\" href=\"https:\/\/www.bzdz.pl\/technikum-mundurowe-chelmno\/zebrania-rodzicow\/\" \/>\n<meta property=\"og:locale\" content=\"pl_PL\" \/>\n<meta property=\"og:type\" content=\"article\" \/>\n<meta property=\"og:title\" content=\"Zebrania rodzic\u00f3w - Technikum Mundurowe Che\u0142mno\" \/>\n<meta property=\"og:description\" content=\"Rodzic\u00f3w uczni\u00f3w klas I zapraszamy 5 wrze\u015bnia na zebranie z wychowawcami. Pocz\u0105tek o godz. 16.00.Przeczytaj ca\u0142o\u015b\u0107\" \/>\n<meta property=\"og:url\" content=\"https:\/\/www.bzdz.pl\/technikum-mundurowe-chelmno\/zebrania-rodzicow\/\" \/>\n<meta property=\"og:site_name\" content=\"Technikum Mundurowe Che\u0142mno\" \/>\n<meta property=\"article:modified_time\" content=\"2019-09-02T14:11:33+00:00\" \/>\n<meta name=\"twitter:card\" content=\"summary_large_image\" \/>\n<script type=\"application\/ld+json\" class=\"yoast-schema-graph\">{\"@context\":\"https:\\\/\\\/schema.org\",\"@graph\":[{\"@type\":\"WebPage\",\"@id\":\"https:\\\/\\\/www.bzdz.pl\\\/technikum-mundurowe-chelmno\\\/zebrania-rodzicow\\\/\",\"url\":\"https:\\\/\\\/www.bzdz.pl\\\/technikum-mundurowe-chelmno\\\/zebrania-rodzicow\\\/\",\"name\":\"Zebrania rodzic\u00f3w - Technikum Mundurowe Che\u0142mno\",\"isPartOf\":{\"@id\":\"https:\\\/\\\/www.bzdz.pl\\\/technikum-mundurowe-chelmno\\\/#website\"},\"datePublished\":\"2019-09-02T14:09:40+00:00\",\"dateModified\":\"2019-09-02T14:11:33+00:00\",\"breadcrumb\":{\"@id\":\"https:\\\/\\\/www.bzdz.pl\\\/technikum-mundurowe-chelmno\\\/zebrania-rodzicow\\\/#breadcrumb\"},\"inLanguage\":\"pl-PL\",\"potentialAction\":[{\"@type\":\"ReadAction\",\"target\":[\"https:\\\/\\\/www.bzdz.pl\\\/technikum-mundurowe-chelmno\\\/zebrania-rodzicow\\\/\"]}]},{\"@type\":\"BreadcrumbList\",\"@id\":\"https:\\\/\\\/www.bzdz.pl\\\/technikum-mundurowe-chelmno\\\/zebrania-rodzicow\\\/#breadcrumb\",\"itemListElement\":[{\"@type\":\"ListItem\",\"position\":1,\"name\":\"Strona g\u0142\u00f3wna\",\"item\":\"https:\\\/\\\/www.bzdz.pl\\\/technikum-mundurowe-chelmno\\\/\"},{\"@type\":\"ListItem\",\"position\":2,\"name\":\"Zebrania rodzic\u00f3w\"}]},{\"@type\":\"WebSite\",\"@id\":\"https:\\\/\\\/www.bzdz.pl\\\/technikum-mundurowe-chelmno\\\/#website\",\"url\":\"https:\\\/\\\/www.bzdz.pl\\\/technikum-mundurowe-chelmno\\\/\",\"name\":\"Technikum Mundurowe Che\u0142mno\",\"description\":\"\",\"potentialAction\":[{\"@type\":\"SearchAction\",\"target\":{\"@type\":\"EntryPoint\",\"urlTemplate\":\"https:\\\/\\\/www.bzdz.pl\\\/technikum-mundurowe-chelmno\\\/?s={search_term_string}\"},\"query-input\":{\"@type\":\"PropertyValueSpecification\",\"valueRequired\":true,\"valueName\":\"search_term_string\"}}],\"inLanguage\":\"pl-PL\"}]}<\/script>\n<!-- \/ Yoast SEO plugin. -->","yoast_head_json":{"title":"Zebrania rodzic\u00f3w - Technikum Mundurowe Che\u0142mno","robots":{"index":"index","follow":"follow","max-snippet":"max-snippet:-1","max-image-preview":"max-image-preview:large","max-video-preview":"max-video-preview:-1"},"canonical":"https:\/\/www.bzdz.pl\/technikum-mundurowe-chelmno\/zebrania-rodzicow\/","og_locale":"pl_PL","og_type":"article","og_title":"Zebrania rodzic\u00f3w - Technikum Mundurowe Che\u0142mno","og_description":"Rodzic\u00f3w uczni\u00f3w klas I zapraszamy 5 wrze\u015bnia na zebranie z wychowawcami. Pocz\u0105tek o godz. 16.00.Przeczytaj ca\u0142o\u015b\u0107","og_url":"https:\/\/www.bzdz.pl\/technikum-mundurowe-chelmno\/zebrania-rodzicow\/","og_site_name":"Technikum Mundurowe Che\u0142mno","article_modified_time":"2019-09-02T14:11:33+00:00","twitter_card":"summary_large_image","schema":{"@context":"https:\/\/schema.org","@graph":[{"@type":"WebPage","@id":"https:\/\/www.bzdz.pl\/technikum-mundurowe-chelmno\/zebrania-rodzicow\/","url":"https:\/\/www.bzdz.pl\/technikum-mundurowe-chelmno\/zebrania-rodzicow\/","name":"Zebrania rodzic\u00f3w - Technikum Mundurowe Che\u0142mno","isPartOf":{"@id":"https:\/\/www.bzdz.pl\/technikum-mundurowe-chelmno\/#website"},"datePublished":"2019-09-02T14:09:40+00:00","dateModified":"2019-09-02T14:11:33+00:00","breadcrumb":{"@id":"https:\/\/www.bzdz.pl\/technikum-mundurowe-chelmno\/zebrania-rodzicow\/#breadcrumb"},"inLanguage":"pl-PL","potentialAction":[{"@type":"ReadAction","target":["https:\/\/www.bzdz.pl\/technikum-mundurowe-chelmno\/zebrania-rodzicow\/"]}]},{"@type":"BreadcrumbList","@id":"https:\/\/www.bzdz.pl\/technikum-mundurowe-chelmno\/zebrania-rodzicow\/#breadcrumb","itemListElement":[{"@type":"ListItem","position":1,"name":"Strona g\u0142\u00f3wna","item":"https:\/\/www.bzdz.pl\/technikum-mundurowe-chelmno\/"},{"@type":"ListItem","position":2,"name":"Zebrania rodzic\u00f3w"}]},{"@type":"WebSite","@id":"https:\/\/www.bzdz.pl\/technikum-mundurowe-chelmno\/#website","url":"https:\/\/www.bzdz.pl\/technikum-mundurowe-chelmno\/","name":"Technikum Mundurowe Che\u0142mno","description":"","potentialAction":[{"@type":"SearchAction","target":{"@type":"EntryPoint","urlTemplate":"https:\/\/www.bzdz.pl\/technikum-mundurowe-chelmno\/?s={search_term_string}"},"query-input":{"@type":"PropertyValueSpecification","valueRequired":true,"valueName":"search_term_string"}}],"inLanguage":"pl-PL"}]}},"_links":{"self":[{"href":"https:\/\/www.bzdz.pl\/technikum-mundurowe-chelmno\/wp-json\/wp\/v2\/pages\/2366","targetHints":{"allow":["GET"]}}],"collection":[{"href":"https:\/\/www.bzdz.pl\/technikum-mundurowe-chelmno\/wp-json\/wp\/v2\/pages"}],"about":[{"href":"https:\/\/www.bzdz.pl\/technikum-mundurowe-chelmno\/wp-json\/wp\/v2\/types\/page"}],"author":[{"embeddable":true,"href":"https:\/\/www.bzdz.pl\/technikum-mundurowe-chelmno\/wp-json\/wp\/v2\/users\/3"}],"replies":[{"embeddable":true,"href":"https:\/\/www.bzdz.pl\/technikum-mundurowe-chelmno\/wp-json\/wp\/v2\/comments?post=2366"}],"version-history":[{"count":0,"href":"https:\/\/www.bzdz.pl\/technikum-mundurowe-chelmno\/wp-json\/wp\/v2\/pages\/2366\/revisions"}],"wp:attachment":[{"href":"https:\/\/www.bzdz.pl\/technikum-mundurowe-chelmno\/wp-json\/wp\/v2\/media?parent=2366"}],"curies":[{"name":"wp","href":"https:\/\/api.w.org\/{rel}","templated":true}]}}