{"id":2356,"date":"2019-09-02T16:07:26","date_gmt":"2019-09-02T14:07:26","guid":{"rendered":"https:\/\/www.bzdz.pl\/technikum-mundurowe-chelmno\/?page_id=2356"},"modified":"2019-09-02T16:17:40","modified_gmt":"2019-09-02T14:17:40","slug":"rozpoczecie-roku-szkolnego-2019-20","status":"publish","type":"page","link":"https:\/\/www.bzdz.pl\/technikum-mundurowe-chelmno\/rozpoczecie-roku-szkolnego-2019-20\/","title":{"rendered":"Rozpocz\u0119cie roku szkolnego 2019\/20"},"content":{"rendered":"<p style=\"text-align: justify;\">O godz. 11.00 w naszej szkole ju\u017c po raz sz\u00f3sty p. dyrektor M. Murawska zainaugurowa\u0142a kolejny rok szkolny. Tym razem wyj\u0105tkowy, poniewa\u017c nauk\u0119 w szkole rozpoczn\u0105 dwie klasy pierwsze. M\u0142odzie\u017c otrzyma\u0142a gor\u0105ce \u017cyczenia wszelkich sukces\u00f3w w nowym roku szkolnym. Mi\u0142ym akcentem by\u0142a chwila rozdania uczniom klas III i IV \u015bwiadectw potwierdzaj\u0105cych kwalifikacje w zawodzie po \u015bwietnie zdanych egzaminach zawodowych. Gratulujemy tak\u017ce p. M. \u015amigiel, kt\u00f3ra doskonale przygotowa\u0142a ich do egzamin\u00f3w!\u00a0<\/p>\n<p>Rok szkolny 2019\/20 rozpocz\u0119ty!<\/p>\n<div id='gallery-1' class='gallery galleryid-2356 gallery-columns-3 gallery-size-thumbnail'><figure class='gallery-item'>\n\t\t\t<div class='gallery-icon landscape'>\n\t\t\t\t<a href='https:\/\/www.bzdz.pl\/technikum-mundurowe-chelmno\/wp-content\/uploads\/2019\/09\/IMG_20190902_110247.jpg' title=\"\" data-rl_title=\"\" class=\"rl-gallery-link\" data-rl_caption=\"\" data-rel=\"lightbox-gallery-1\"><img loading=\"lazy\" decoding=\"async\" width=\"150\" height=\"150\" src=\"https:\/\/www.bzdz.pl\/technikum-mundurowe-chelmno\/wp-content\/uploads\/2019\/09\/IMG_20190902_110247-150x150.jpg\" class=\"attachment-thumbnail size-thumbnail\" alt=\"\" \/><\/a>\n\t\t\t<\/div><\/figure><figure class='gallery-item'>\n\t\t\t<div class='gallery-icon landscape'>\n\t\t\t\t<a href='https:\/\/www.bzdz.pl\/technikum-mundurowe-chelmno\/wp-content\/uploads\/2019\/09\/IMG_20190902_110341.jpg' title=\"\" data-rl_title=\"\" class=\"rl-gallery-link\" data-rl_caption=\"\" data-rel=\"lightbox-gallery-1\"><img loading=\"lazy\" decoding=\"async\" width=\"150\" height=\"150\" src=\"https:\/\/www.bzdz.pl\/technikum-mundurowe-chelmno\/wp-content\/uploads\/2019\/09\/IMG_20190902_110341-150x150.jpg\" class=\"attachment-thumbnail size-thumbnail\" alt=\"\" \/><\/a>\n\t\t\t<\/div><\/figure><figure class='gallery-item'>\n\t\t\t<div class='gallery-icon landscape'>\n\t\t\t\t<a href='https:\/\/www.bzdz.pl\/technikum-mundurowe-chelmno\/wp-content\/uploads\/2019\/09\/IMG_20190902_110350.jpg' title=\"\" data-rl_title=\"\" class=\"rl-gallery-link\" data-rl_caption=\"\" data-rel=\"lightbox-gallery-1\"><img loading=\"lazy\" decoding=\"async\" width=\"150\" height=\"150\" src=\"https:\/\/www.bzdz.pl\/technikum-mundurowe-chelmno\/wp-content\/uploads\/2019\/09\/IMG_20190902_110350-150x150.jpg\" class=\"attachment-thumbnail size-thumbnail\" alt=\"\" \/><\/a>\n\t\t\t<\/div><\/figure><figure class='gallery-item'>\n\t\t\t<div class='gallery-icon landscape'>\n\t\t\t\t<a href='https:\/\/www.bzdz.pl\/technikum-mundurowe-chelmno\/wp-content\/uploads\/2019\/09\/IMG_20190902_112859.jpg' title=\"\" data-rl_title=\"\" class=\"rl-gallery-link\" data-rl_caption=\"\" data-rel=\"lightbox-gallery-1\"><img loading=\"lazy\" decoding=\"async\" width=\"150\" height=\"150\" src=\"https:\/\/www.bzdz.pl\/technikum-mundurowe-chelmno\/wp-content\/uploads\/2019\/09\/IMG_20190902_112859-150x150.jpg\" class=\"attachment-thumbnail size-thumbnail\" alt=\"\" \/><\/a>\n\t\t\t<\/div><\/figure><figure class='gallery-item'>\n\t\t\t<div class='gallery-icon landscape'>\n\t\t\t\t<a href='https:\/\/www.bzdz.pl\/technikum-mundurowe-chelmno\/wp-content\/uploads\/2019\/09\/IMG_20190902_112956.jpg' title=\"\" data-rl_title=\"\" class=\"rl-gallery-link\" data-rl_caption=\"\" data-rel=\"lightbox-gallery-1\"><img loading=\"lazy\" decoding=\"async\" width=\"150\" height=\"150\" src=\"https:\/\/www.bzdz.pl\/technikum-mundurowe-chelmno\/wp-content\/uploads\/2019\/09\/IMG_20190902_112956-150x150.jpg\" class=\"attachment-thumbnail size-thumbnail\" alt=\"\" \/><\/a>\n\t\t\t<\/div><\/figure><figure class='gallery-item'>\n\t\t\t<div class='gallery-icon landscape'>\n\t\t\t\t<a href='https:\/\/www.bzdz.pl\/technikum-mundurowe-chelmno\/wp-content\/uploads\/2019\/09\/IMG_20190902_113022.jpg' title=\"\" data-rl_title=\"\" class=\"rl-gallery-link\" data-rl_caption=\"\" data-rel=\"lightbox-gallery-1\"><img loading=\"lazy\" decoding=\"async\" width=\"150\" height=\"150\" src=\"https:\/\/www.bzdz.pl\/technikum-mundurowe-chelmno\/wp-content\/uploads\/2019\/09\/IMG_20190902_113022-150x150.jpg\" class=\"attachment-thumbnail size-thumbnail\" alt=\"\" \/><\/a>\n\t\t\t<\/div><\/figure><figure class='gallery-item'>\n\t\t\t<div class='gallery-icon landscape'>\n\t\t\t\t<a href='https:\/\/www.bzdz.pl\/technikum-mundurowe-chelmno\/wp-content\/uploads\/2019\/09\/IMG_20190902_113243.jpg' title=\"\" data-rl_title=\"\" class=\"rl-gallery-link\" data-rl_caption=\"\" data-rel=\"lightbox-gallery-1\"><img loading=\"lazy\" decoding=\"async\" width=\"150\" height=\"150\" src=\"https:\/\/www.bzdz.pl\/technikum-mundurowe-chelmno\/wp-content\/uploads\/2019\/09\/IMG_20190902_113243-150x150.jpg\" class=\"attachment-thumbnail size-thumbnail\" alt=\"\" \/><\/a>\n\t\t\t<\/div><\/figure><figure class='gallery-item'>\n\t\t\t<div class='gallery-icon landscape'>\n\t\t\t\t<a href='https:\/\/www.bzdz.pl\/technikum-mundurowe-chelmno\/wp-content\/uploads\/2019\/09\/IMG_20190902_113847.jpg' title=\"\" data-rl_title=\"\" class=\"rl-gallery-link\" data-rl_caption=\"\" data-rel=\"lightbox-gallery-1\"><img loading=\"lazy\" decoding=\"async\" width=\"150\" height=\"150\" src=\"https:\/\/www.bzdz.pl\/technikum-mundurowe-chelmno\/wp-content\/uploads\/2019\/09\/IMG_20190902_113847-150x150.jpg\" class=\"attachment-thumbnail size-thumbnail\" alt=\"\" \/><\/a>\n\t\t\t<\/div><\/figure>\n\t\t<\/div>\n\n","protected":false},"excerpt":{"rendered":"<p style=\"text-align: justify;\">O godz. 11.00 w naszej szkole ju\u017c po raz sz\u00f3sty p. dyrektor M. Murawska zainaugurowa\u0142a kolejny rok szkolny. Tym razem wyj\u0105tkowy, poniewa\u017c nauk\u0119 w szkole rozpoczn\u0105 dwie klasy pierwsze. M\u0142odzie\u017c otrzyma\u0142a gor\u0105ce \u017cyczenia wszelkich sukces\u00f3w w nowym roku szkolnym. Mi\u0142ym akcentem by\u0142a chwila rozdania uczniom klas III i IV \u015bwiadectw potwierdzaj\u0105cych kwalifikacje w zawodzie po \u015bwietnie zdanych egzaminach zawodowych. Gratulujemy tak\u017ce p. M. \u015amigiel, kt\u00f3ra doskonale przygotowa\u0142a ich do egzamin\u00f3w!\u00a0<\/p>\n<p>Rok szkolny 2019\/20 rozpocz\u0119ty!<\/p>\n<div class=\"clr\"><\/div>\n<p><a href=\"https:\/\/www.bzdz.pl\/technikum-mundurowe-chelmno\/rozpoczecie-roku-szkolnego-2019-20\/\" class=\"readmore\">Przeczytaj ca\u0142o\u015b\u0107<\/a><\/p>\n","protected":false},"author":3,"featured_media":0,"parent":0,"menu_order":0,"comment_status":"closed","ping_status":"closed","template":"","meta":{"footnotes":""},"class_list":["post-2356","page","type-page","status-publish","hentry"],"yoast_head":"<!-- This site is optimized with the Yoast SEO plugin v27.4 - https:\/\/yoast.com\/product\/yoast-seo-wordpress\/ -->\n<title>Rozpocz\u0119cie roku szkolnego 2019\/20 - Technikum Mundurowe Che\u0142mno<\/title>\n<meta name=\"robots\" content=\"index, follow, max-snippet:-1, max-image-preview:large, max-video-preview:-1\" \/>\n<link rel=\"canonical\" href=\"https:\/\/www.bzdz.pl\/technikum-mundurowe-chelmno\/rozpoczecie-roku-szkolnego-2019-20\/\" \/>\n<meta property=\"og:locale\" content=\"pl_PL\" \/>\n<meta property=\"og:type\" content=\"article\" \/>\n<meta property=\"og:title\" content=\"Rozpocz\u0119cie roku szkolnego 2019\/20 - Technikum Mundurowe Che\u0142mno\" \/>\n<meta property=\"og:description\" content=\"O godz. 11.00 w naszej szkole ju\u017c po raz sz\u00f3sty p. dyrektor M. Murawska zainaugurowa\u0142a kolejny rok szkolny. Tym razem wyj\u0105tkowy, poniewa\u017c nauk\u0119 w szkole rozpoczn\u0105 dwie klasy pierwsze. M\u0142odzie\u017c otrzyma\u0142a gor\u0105ce \u017cyczenia wszelkich sukces\u00f3w w nowym roku szkolnym. Mi\u0142ym akcentem by\u0142a chwila rozdania uczniom klas III i IV \u015bwiadectw potwierdzaj\u0105cych kwalifikacje w zawodzie po \u015bwietnie zdanych egzaminach zawodowych. Gratulujemy tak\u017ce p. M. \u015amigiel, kt\u00f3ra doskonale przygotowa\u0142a ich do egzamin\u00f3w!\u00a0 Rok szkolny 2019\/20 rozpocz\u0119ty!Przeczytaj ca\u0142o\u015b\u0107\" \/>\n<meta property=\"og:url\" content=\"https:\/\/www.bzdz.pl\/technikum-mundurowe-chelmno\/rozpoczecie-roku-szkolnego-2019-20\/\" \/>\n<meta property=\"og:site_name\" content=\"Technikum Mundurowe Che\u0142mno\" \/>\n<meta property=\"article:modified_time\" content=\"2019-09-02T14:17:40+00:00\" \/>\n<meta property=\"og:image\" content=\"https:\/\/www.bzdz.pl\/technikum-mundurowe-chelmno\/wp-content\/uploads\/2019\/09\/IMG_20190902_110247-150x150.jpg\" \/>\n<meta name=\"twitter:card\" content=\"summary_large_image\" \/>\n<script type=\"application\/ld+json\" class=\"yoast-schema-graph\">{\"@context\":\"https:\\\/\\\/schema.org\",\"@graph\":[{\"@type\":\"WebPage\",\"@id\":\"https:\\\/\\\/www.bzdz.pl\\\/technikum-mundurowe-chelmno\\\/rozpoczecie-roku-szkolnego-2019-20\\\/\",\"url\":\"https:\\\/\\\/www.bzdz.pl\\\/technikum-mundurowe-chelmno\\\/rozpoczecie-roku-szkolnego-2019-20\\\/\",\"name\":\"Rozpocz\u0119cie roku szkolnego 2019\\\/20 - Technikum Mundurowe Che\u0142mno\",\"isPartOf\":{\"@id\":\"https:\\\/\\\/www.bzdz.pl\\\/technikum-mundurowe-chelmno\\\/#website\"},\"datePublished\":\"2019-09-02T14:07:26+00:00\",\"dateModified\":\"2019-09-02T14:17:40+00:00\",\"breadcrumb\":{\"@id\":\"https:\\\/\\\/www.bzdz.pl\\\/technikum-mundurowe-chelmno\\\/rozpoczecie-roku-szkolnego-2019-20\\\/#breadcrumb\"},\"inLanguage\":\"pl-PL\",\"potentialAction\":[{\"@type\":\"ReadAction\",\"target\":[\"https:\\\/\\\/www.bzdz.pl\\\/technikum-mundurowe-chelmno\\\/rozpoczecie-roku-szkolnego-2019-20\\\/\"]}]},{\"@type\":\"BreadcrumbList\",\"@id\":\"https:\\\/\\\/www.bzdz.pl\\\/technikum-mundurowe-chelmno\\\/rozpoczecie-roku-szkolnego-2019-20\\\/#breadcrumb\",\"itemListElement\":[{\"@type\":\"ListItem\",\"position\":1,\"name\":\"Strona g\u0142\u00f3wna\",\"item\":\"https:\\\/\\\/www.bzdz.pl\\\/technikum-mundurowe-chelmno\\\/\"},{\"@type\":\"ListItem\",\"position\":2,\"name\":\"Rozpocz\u0119cie roku szkolnego 2019\\\/20\"}]},{\"@type\":\"WebSite\",\"@id\":\"https:\\\/\\\/www.bzdz.pl\\\/technikum-mundurowe-chelmno\\\/#website\",\"url\":\"https:\\\/\\\/www.bzdz.pl\\\/technikum-mundurowe-chelmno\\\/\",\"name\":\"Technikum Mundurowe Che\u0142mno\",\"description\":\"\",\"potentialAction\":[{\"@type\":\"SearchAction\",\"target\":{\"@type\":\"EntryPoint\",\"urlTemplate\":\"https:\\\/\\\/www.bzdz.pl\\\/technikum-mundurowe-chelmno\\\/?s={search_term_string}\"},\"query-input\":{\"@type\":\"PropertyValueSpecification\",\"valueRequired\":true,\"valueName\":\"search_term_string\"}}],\"inLanguage\":\"pl-PL\"}]}<\/script>\n<!-- \/ Yoast SEO plugin. -->","yoast_head_json":{"title":"Rozpocz\u0119cie roku szkolnego 2019\/20 - Technikum Mundurowe Che\u0142mno","robots":{"index":"index","follow":"follow","max-snippet":"max-snippet:-1","max-image-preview":"max-image-preview:large","max-video-preview":"max-video-preview:-1"},"canonical":"https:\/\/www.bzdz.pl\/technikum-mundurowe-chelmno\/rozpoczecie-roku-szkolnego-2019-20\/","og_locale":"pl_PL","og_type":"article","og_title":"Rozpocz\u0119cie roku szkolnego 2019\/20 - Technikum Mundurowe Che\u0142mno","og_description":"O godz. 11.00 w naszej szkole ju\u017c po raz sz\u00f3sty p. dyrektor M. Murawska zainaugurowa\u0142a kolejny rok szkolny. Tym razem wyj\u0105tkowy, poniewa\u017c nauk\u0119 w szkole rozpoczn\u0105 dwie klasy pierwsze. M\u0142odzie\u017c otrzyma\u0142a gor\u0105ce \u017cyczenia wszelkich sukces\u00f3w w nowym roku szkolnym. Mi\u0142ym akcentem by\u0142a chwila rozdania uczniom klas III i IV \u015bwiadectw potwierdzaj\u0105cych kwalifikacje w zawodzie po \u015bwietnie zdanych egzaminach zawodowych. Gratulujemy tak\u017ce p. M. \u015amigiel, kt\u00f3ra doskonale przygotowa\u0142a ich do egzamin\u00f3w!\u00a0 Rok szkolny 2019\/20 rozpocz\u0119ty!Przeczytaj ca\u0142o\u015b\u0107","og_url":"https:\/\/www.bzdz.pl\/technikum-mundurowe-chelmno\/rozpoczecie-roku-szkolnego-2019-20\/","og_site_name":"Technikum Mundurowe Che\u0142mno","article_modified_time":"2019-09-02T14:17:40+00:00","og_image":[{"url":"https:\/\/www.bzdz.pl\/technikum-mundurowe-chelmno\/wp-content\/uploads\/2019\/09\/IMG_20190902_110247-150x150.jpg","type":"","width":"","height":""}],"twitter_card":"summary_large_image","schema":{"@context":"https:\/\/schema.org","@graph":[{"@type":"WebPage","@id":"https:\/\/www.bzdz.pl\/technikum-mundurowe-chelmno\/rozpoczecie-roku-szkolnego-2019-20\/","url":"https:\/\/www.bzdz.pl\/technikum-mundurowe-chelmno\/rozpoczecie-roku-szkolnego-2019-20\/","name":"Rozpocz\u0119cie roku szkolnego 2019\/20 - Technikum Mundurowe Che\u0142mno","isPartOf":{"@id":"https:\/\/www.bzdz.pl\/technikum-mundurowe-chelmno\/#website"},"datePublished":"2019-09-02T14:07:26+00:00","dateModified":"2019-09-02T14:17:40+00:00","breadcrumb":{"@id":"https:\/\/www.bzdz.pl\/technikum-mundurowe-chelmno\/rozpoczecie-roku-szkolnego-2019-20\/#breadcrumb"},"inLanguage":"pl-PL","potentialAction":[{"@type":"ReadAction","target":["https:\/\/www.bzdz.pl\/technikum-mundurowe-chelmno\/rozpoczecie-roku-szkolnego-2019-20\/"]}]},{"@type":"BreadcrumbList","@id":"https:\/\/www.bzdz.pl\/technikum-mundurowe-chelmno\/rozpoczecie-roku-szkolnego-2019-20\/#breadcrumb","itemListElement":[{"@type":"ListItem","position":1,"name":"Strona g\u0142\u00f3wna","item":"https:\/\/www.bzdz.pl\/technikum-mundurowe-chelmno\/"},{"@type":"ListItem","position":2,"name":"Rozpocz\u0119cie roku szkolnego 2019\/20"}]},{"@type":"WebSite","@id":"https:\/\/www.bzdz.pl\/technikum-mundurowe-chelmno\/#website","url":"https:\/\/www.bzdz.pl\/technikum-mundurowe-chelmno\/","name":"Technikum Mundurowe Che\u0142mno","description":"","potentialAction":[{"@type":"SearchAction","target":{"@type":"EntryPoint","urlTemplate":"https:\/\/www.bzdz.pl\/technikum-mundurowe-chelmno\/?s={search_term_string}"},"query-input":{"@type":"PropertyValueSpecification","valueRequired":true,"valueName":"search_term_string"}}],"inLanguage":"pl-PL"}]}},"_links":{"self":[{"href":"https:\/\/www.bzdz.pl\/technikum-mundurowe-chelmno\/wp-json\/wp\/v2\/pages\/2356","targetHints":{"allow":["GET"]}}],"collection":[{"href":"https:\/\/www.bzdz.pl\/technikum-mundurowe-chelmno\/wp-json\/wp\/v2\/pages"}],"about":[{"href":"https:\/\/www.bzdz.pl\/technikum-mundurowe-chelmno\/wp-json\/wp\/v2\/types\/page"}],"author":[{"embeddable":true,"href":"https:\/\/www.bzdz.pl\/technikum-mundurowe-chelmno\/wp-json\/wp\/v2\/users\/3"}],"replies":[{"embeddable":true,"href":"https:\/\/www.bzdz.pl\/technikum-mundurowe-chelmno\/wp-json\/wp\/v2\/comments?post=2356"}],"version-history":[{"count":0,"href":"https:\/\/www.bzdz.pl\/technikum-mundurowe-chelmno\/wp-json\/wp\/v2\/pages\/2356\/revisions"}],"wp:attachment":[{"href":"https:\/\/www.bzdz.pl\/technikum-mundurowe-chelmno\/wp-json\/wp\/v2\/media?parent=2356"}],"curies":[{"name":"wp","href":"https:\/\/api.w.org\/{rel}","templated":true}]}}