{"id":1226,"date":"2022-03-01T13:52:08","date_gmt":"2022-03-01T12:52:08","guid":{"rendered":"https:\/\/bzdz.pl\/sepolno\/?page_id=1226"},"modified":"2022-03-16T14:42:01","modified_gmt":"2022-03-16T13:42:01","slug":"galeria","status":"publish","type":"page","link":"https:\/\/www.bzdz.pl\/sepolno\/galeria\/","title":{"rendered":"Galeria"},"content":{"rendered":"<p>[et_pb_section fb_built=&#8221;1&#8243; admin_label=&#8221;section&#8221; _builder_version=&#8221;3.22&#8243; global_colors_info=&#8221;{}&#8221;][et_pb_row use_custom_gutter=&#8221;on&#8221; gutter_width=&#8221;1&#8243; admin_label=&#8221;row&#8221; _builder_version=&#8221;4.14.8&#8243; background_size=&#8221;initial&#8221; background_position=&#8221;top_left&#8221; background_repeat=&#8221;repeat&#8221; global_colors_info=&#8221;{}&#8221;][et_pb_column type=&#8221;4_4&#8243; _builder_version=&#8221;3.25&#8243; custom_padding=&#8221;|||&#8221; global_colors_info=&#8221;{}&#8221; custom_padding__hover=&#8221;|||&#8221;][et_pb_gallery gallery_ids=&#8221;1535,1536,1537,1538,1539,1540,1541,1542,1543,1544,1545,1546&#8243; posts_number=&#8221;99&#8243; show_title_and_caption=&#8221;off&#8221; show_pagination=&#8221;off&#8221; zoom_icon_color=&#8221;#FFFFFF&#8221; hover_overlay_color=&#8221;rgba(255,255,255,0.15)&#8221; hover_icon=&#8221;&#x55;||divi||400&#8243; _builder_version=&#8221;4.14.8&#8243; _module_preset=&#8221;default&#8221; hover_enabled=&#8221;0&#8243; global_colors_info=&#8221;{}&#8221; disabled_on=&#8221;on|on|on&#8221; disabled=&#8221;on&#8221; sticky_enabled=&#8221;0&#8243;][\/et_pb_gallery][\/et_pb_column][\/et_pb_row][\/et_pb_section]<\/p>\n","protected":false},"excerpt":{"rendered":"","protected":false},"author":1,"featured_media":0,"parent":0,"menu_order":0,"comment_status":"closed","ping_status":"closed","template":"","meta":{"_et_pb_use_builder":"on","_et_pb_old_content":"","_et_gb_content_width":"","footnotes":""},"class_list":["post-1226","page","type-page","status-publish","hentry"],"yoast_head":"<!-- This site is optimized with the Yoast SEO plugin v27.4 - https:\/\/yoast.com\/product\/yoast-seo-wordpress\/ -->\n<title>Galeria - O\u015brodek Szkoleniowy S\u0119p\u00f3lno Kraje\u0144skie<\/title>\n<meta name=\"robots\" content=\"index, follow, max-snippet:-1, max-image-preview:large, max-video-preview:-1\" \/>\n<link rel=\"canonical\" href=\"https:\/\/www.bzdz.pl\/sepolno\/galeria\/\" \/>\n<meta property=\"og:locale\" content=\"pl_PL\" \/>\n<meta property=\"og:type\" content=\"article\" \/>\n<meta property=\"og:title\" content=\"Galeria - O\u015brodek Szkoleniowy S\u0119p\u00f3lno Kraje\u0144skie\" \/>\n<meta property=\"og:url\" content=\"https:\/\/www.bzdz.pl\/sepolno\/galeria\/\" \/>\n<meta property=\"og:site_name\" content=\"O\u015brodek Szkoleniowy S\u0119p\u00f3lno Kraje\u0144skie\" \/>\n<meta property=\"article:modified_time\" content=\"2022-03-16T13:42:01+00:00\" \/>\n<meta name=\"twitter:card\" content=\"summary_large_image\" \/>\n<meta name=\"twitter:label1\" content=\"Szacowany czas czytania\" \/>\n\t<meta name=\"twitter:data1\" content=\"1 minuta\" \/>\n<script type=\"application\/ld+json\" class=\"yoast-schema-graph\">{\"@context\":\"https:\\\/\\\/schema.org\",\"@graph\":[{\"@type\":\"WebPage\",\"@id\":\"https:\\\/\\\/www.bzdz.pl\\\/sepolno\\\/galeria\\\/\",\"url\":\"https:\\\/\\\/www.bzdz.pl\\\/sepolno\\\/galeria\\\/\",\"name\":\"Galeria - O\u015brodek Szkoleniowy S\u0119p\u00f3lno Kraje\u0144skie\",\"isPartOf\":{\"@id\":\"https:\\\/\\\/www.bzdz.pl\\\/sepolno\\\/#website\"},\"datePublished\":\"2022-03-01T12:52:08+00:00\",\"dateModified\":\"2022-03-16T13:42:01+00:00\",\"breadcrumb\":{\"@id\":\"https:\\\/\\\/www.bzdz.pl\\\/sepolno\\\/galeria\\\/#breadcrumb\"},\"inLanguage\":\"pl-PL\",\"potentialAction\":[{\"@type\":\"ReadAction\",\"target\":[\"https:\\\/\\\/www.bzdz.pl\\\/sepolno\\\/galeria\\\/\"]}]},{\"@type\":\"BreadcrumbList\",\"@id\":\"https:\\\/\\\/www.bzdz.pl\\\/sepolno\\\/galeria\\\/#breadcrumb\",\"itemListElement\":[{\"@type\":\"ListItem\",\"position\":1,\"name\":\"Strona g\u0142\u00f3wna\",\"item\":\"https:\\\/\\\/www.bzdz.pl\\\/sepolno\\\/\"},{\"@type\":\"ListItem\",\"position\":2,\"name\":\"Galeria\"}]},{\"@type\":\"WebSite\",\"@id\":\"https:\\\/\\\/www.bzdz.pl\\\/sepolno\\\/#website\",\"url\":\"https:\\\/\\\/www.bzdz.pl\\\/sepolno\\\/\",\"name\":\"O\u015brodek Szkoleniowy S\u0119p\u00f3lno Kraje\u0144skie\",\"description\":\"\",\"potentialAction\":[{\"@type\":\"SearchAction\",\"target\":{\"@type\":\"EntryPoint\",\"urlTemplate\":\"https:\\\/\\\/www.bzdz.pl\\\/sepolno\\\/?s={search_term_string}\"},\"query-input\":{\"@type\":\"PropertyValueSpecification\",\"valueRequired\":true,\"valueName\":\"search_term_string\"}}],\"inLanguage\":\"pl-PL\"}]}<\/script>\n<!-- \/ Yoast SEO plugin. -->","yoast_head_json":{"title":"Galeria - O\u015brodek Szkoleniowy S\u0119p\u00f3lno Kraje\u0144skie","robots":{"index":"index","follow":"follow","max-snippet":"max-snippet:-1","max-image-preview":"max-image-preview:large","max-video-preview":"max-video-preview:-1"},"canonical":"https:\/\/www.bzdz.pl\/sepolno\/galeria\/","og_locale":"pl_PL","og_type":"article","og_title":"Galeria - O\u015brodek Szkoleniowy S\u0119p\u00f3lno Kraje\u0144skie","og_url":"https:\/\/www.bzdz.pl\/sepolno\/galeria\/","og_site_name":"O\u015brodek Szkoleniowy S\u0119p\u00f3lno Kraje\u0144skie","article_modified_time":"2022-03-16T13:42:01+00:00","twitter_card":"summary_large_image","twitter_misc":{"Szacowany czas czytania":"1 minuta"},"schema":{"@context":"https:\/\/schema.org","@graph":[{"@type":"WebPage","@id":"https:\/\/www.bzdz.pl\/sepolno\/galeria\/","url":"https:\/\/www.bzdz.pl\/sepolno\/galeria\/","name":"Galeria - O\u015brodek Szkoleniowy S\u0119p\u00f3lno Kraje\u0144skie","isPartOf":{"@id":"https:\/\/www.bzdz.pl\/sepolno\/#website"},"datePublished":"2022-03-01T12:52:08+00:00","dateModified":"2022-03-16T13:42:01+00:00","breadcrumb":{"@id":"https:\/\/www.bzdz.pl\/sepolno\/galeria\/#breadcrumb"},"inLanguage":"pl-PL","potentialAction":[{"@type":"ReadAction","target":["https:\/\/www.bzdz.pl\/sepolno\/galeria\/"]}]},{"@type":"BreadcrumbList","@id":"https:\/\/www.bzdz.pl\/sepolno\/galeria\/#breadcrumb","itemListElement":[{"@type":"ListItem","position":1,"name":"Strona g\u0142\u00f3wna","item":"https:\/\/www.bzdz.pl\/sepolno\/"},{"@type":"ListItem","position":2,"name":"Galeria"}]},{"@type":"WebSite","@id":"https:\/\/www.bzdz.pl\/sepolno\/#website","url":"https:\/\/www.bzdz.pl\/sepolno\/","name":"O\u015brodek Szkoleniowy S\u0119p\u00f3lno Kraje\u0144skie","description":"","potentialAction":[{"@type":"SearchAction","target":{"@type":"EntryPoint","urlTemplate":"https:\/\/www.bzdz.pl\/sepolno\/?s={search_term_string}"},"query-input":{"@type":"PropertyValueSpecification","valueRequired":true,"valueName":"search_term_string"}}],"inLanguage":"pl-PL"}]}},"_links":{"self":[{"href":"https:\/\/www.bzdz.pl\/sepolno\/wp-json\/wp\/v2\/pages\/1226","targetHints":{"allow":["GET"]}}],"collection":[{"href":"https:\/\/www.bzdz.pl\/sepolno\/wp-json\/wp\/v2\/pages"}],"about":[{"href":"https:\/\/www.bzdz.pl\/sepolno\/wp-json\/wp\/v2\/types\/page"}],"author":[{"embeddable":true,"href":"https:\/\/www.bzdz.pl\/sepolno\/wp-json\/wp\/v2\/users\/1"}],"replies":[{"embeddable":true,"href":"https:\/\/www.bzdz.pl\/sepolno\/wp-json\/wp\/v2\/comments?post=1226"}],"version-history":[{"count":0,"href":"https:\/\/www.bzdz.pl\/sepolno\/wp-json\/wp\/v2\/pages\/1226\/revisions"}],"wp:attachment":[{"href":"https:\/\/www.bzdz.pl\/sepolno\/wp-json\/wp\/v2\/media?parent=1226"}],"curies":[{"name":"wp","href":"https:\/\/api.w.org\/{rel}","templated":true}]}}